Holm, Orkney weather

 Latitude N 59° 29' 09"    Longitude E 03° 29' 02"    Elevation 33 ft

NOAA Style Reports for xulih weather

Select a Year or Month report

Report for 2018 Mar
                   Monthly Climatological Summary for Mar 2018

Name: xulih weather   City: Holm   State: Orkney
Elevation: 33 ft  Lat: N 58 53' 54"   Lon: W 002 53' 31"

                  Temperature (C), Rain (mm), Wind Speed (mph)

                                      Heat  Cool        Avg
    Mean                              Deg   Deg         Wind                 Dom
Day Temp  High   Time   Low    Time   Days  Days  Rain  Speed High   Time    Dir
----------------------------------------------------------------------------------
 1  -1.1   0.6   11:42  -2.5   06:12  19.4   0.0   0.0  21.3  33.6   09:18   ESE
 2   0.4   2.5   12:09  -1.2   02:42  17.9   0.0   0.0  18.1  27.7   17:20   ESE
 3   1.4   3.3   13:00   0.3   08:38  16.9   0.0   1.0  14.0  25.3   10:49   ESE
 4   2.1   4.0   12:02   0.7   19:41  16.2   0.0   1.0  16.3  26.2   12:57    SE
 5   2.4   3.0   10:44   1.6   00:00  15.9   0.0   8.1  21.3  32.9   13:08   ESE
 6   1.9   3.0   12:01   0.5   20:44  16.4   0.0   2.0  18.9  34.9   22:41     E
 7   4.5   7.7   13:47   1.3   00:00  13.8   0.0   1.8  14.3  36.5   01:06   ESE
 8   5.9   9.9   13:59   3.7   23:43  12.4   0.0   0.0   8.9  22.1   04:50     S
 9   4.9  10.2   14:07   0.0   23:21  13.4   0.0   0.0   4.1  10.7   04:16   WSW
10   4.2   7.6   12:48  -0.2   00:55  14.1   0.0   2.0  12.8  32.2   23:08    SE
11   3.9   5.1   21:40   2.9   08:05  14.4   0.0   5.3  20.3  35.3   07:37     E
12   4.9   6.9   12:47   3.7   20:33  13.4   0.0   1.0  11.3  22.4   03:19     E
13   5.9  12.3   14:07   3.1   06:18  12.4   0.0   0.0   7.1  23.3   23:52    SE
14   6.2   8.5   14:29   4.9   05:48  12.1   0.0   0.0  26.7  45.4   23:59   SSE
15   5.2   6.0   00:00   4.1   23:48  13.1   0.0   0.0  36.9  51.2   11:30   SSE
16   3.3   4.3   00:41   2.6   06:52  15.0   0.0   0.0  35.6  47.2   11:50   SSE
17   2.6   4.4   14:32   1.2   23:02  15.7   0.0   0.0  26.8  45.2   02:50   SSE
18   1.9   6.2   13:54  -2.0   23:58  16.4   0.0   0.0  10.2  23.5   00:06    SE
19   2.4   7.7   14:10  -3.6   04:17  15.9   0.0   0.0   8.6  23.3   16:08     N
20   4.8   8.1   13:36   1.2   05:43  13.5   0.0   0.0  12.0  28.9   10:55    NW
21   6.1   9.2   14:39   3.4   04:16  12.2   0.0   2.0  17.6  33.3   18:11   WNW
22   7.4  11.8   13:44   5.7   06:13  10.9   0.0   1.0   7.9  22.6   02:05     W
23   5.8   7.6   12:49   4.5   15:46  12.5   0.0   5.1  16.8  46.3   17:18     W
24   6.1   9.6   13:47   3.7   05:56  12.2   0.0   0.0  14.3  25.7   13:07   WNW
25   5.9   8.5   16:49   3.7   21:38  11.9   0.0   1.0  12.4  25.9   11:25    NW
26   5.2   8.8   13:42   2.4   04:22  13.1   0.0   2.0   9.7  17.9   18:32   NNE
27   5.0   5.8   08:43   4.3   02:54  13.3   0.0  11.4  29.4  50.8   20:56   SSE
28   4.8   6.1   11:03   4.2   23:53  13.5   0.0  12.4  14.3  45.6   00:09    SE
29   3.8   5.3   15:01   3.0   08:35  14.5   0.0   3.0  25.3  40.7   06:59    SE
30   3.6   7.0   14:58   2.0   09:01  14.7   0.0   1.8  17.9  32.4   08:18   ESE
31   3.7   8.1   15:30   0.0   23:33  14.6   0.0   0.0   5.5  14.8   00:05     E
----------------------------------------------------------------------------------
     4.0  12.3    13    -3.6    19   441.7   0.0  61.9  16.7  51.2    15      SE

Max >=  27.0:  0
Max <=   0.0:  0
Min <=   0.0:  7
Min <= -18.0:  0
Max Rain: 12.4 on day 28
Days of Rain: 17 (>= 0.2 mm)  10 (>= 2.0 mm)  0 (>= 20.0 mm)
Heat Base: 18.3  Cool Base: 18.3  Method: Integration
:Home::now::gauges::today::yesterday::this month::this year::records::monthly records::reports::trends::forum:


Page updated 09/04/2015 12:35:00
powered by Cumulus v1.9.4 (1099)