Holm, Orkney weather

 Latitude N 59° 29' 09"    Longitude E 03° 29' 02"    Elevation 33 ft

NOAA Style Reports for xulih weather

Select a Year or Month report

Report for 2018 Feb
                   Monthly Climatological Summary for Feb 2018

Name: xulih weather   City: Holm   State: Orkney
Elevation: 33 ft  Lat: N 58 53' 54"   Lon: W 002 53' 31"

                  Temperature (C), Rain (mm), Wind Speed (mph)

                                      Heat  Cool        Avg
    Mean                              Deg   Deg         Wind                 Dom
Day Temp  High   Time   Low    Time   Days  Days  Rain  Speed High   Time    Dir
----------------------------------------------------------------------------------
 1   4.5   6.5   12:36   2.8   01:13  13.8   0.0   8.1  22.9  41.8   11:56     N
 2   3.6   6.9   12:25   0.6   23:30  14.7   0.0   1.0   4.7  19.2   00:16     N
 3   2.9   5.0   12:46   0.1   00:36  15.4   0.0   0.0   1.5   7.4   09:26     W
 4   3.2   7.7   14:36  -0.2   08:03  15.1   0.0   0.0   2.2  11.4   23:40   NNW
 5   4.0   6.3   13:50   2.6   07:30  14.3   0.0   1.0  14.7  26.2   13:02   NNW
 6   2.3   4.5   13:06   0.0   22:50  16.0   0.0   1.0  10.0  23.9   14:47   NNW
 7   2.3   5.5   23:36  -1.6   04:24  16.0   0.0   0.0  13.5  30.2   17:51   WNW
 8   5.3   7.0   14:20   4.1   08:32  13.0   0.0   1.0  12.0  23.9   23:58     W
 9   3.0   5.1   00:00   1.2   08:48  15.3   0.0   1.0  13.4  28.9   02:13   WNW
10   3.9   6.5   14:00   1.2   22:28  14.4   0.0   4.1  17.9  42.1   07:17   WSW
11   1.6   3.9   13:13   0.3   09:50  16.7   0.0   2.0  11.9  34.4   18:59    NW
12   2.4   4.7   14:20   0.0   00:39  15.9   0.0   3.0  14.9  30.0   02:57     W
13   3.2   4.6   04:06   1.6   13:18  15.1   0.0   4.1  17.9  45.6   03:30   WSW
14   3.8   4.9   22:47   1.8   00:00  14.5   0.0   1.0  29.4  57.0   13:02   SSW
15   4.6   6.6   13:04   3.3   06:23  13.7   0.0   0.0  19.5  33.8   00:29   WNW
16   5.2   7.2   14:46   3.5   07:23  13.1   0.0   0.0  16.0  30.0   23:22   WSW
17   5.2   7.3   12:18   3.6   19:52  13.1   0.0   0.0  14.3  30.9   00:05   WNW
18   4.9   8.3   13:09   0.8   07:17  13.4   0.0   0.0   6.2  13.4   23:55    SW
19   6.3   6.8   10:36   5.5   00:00  12.0   0.0   2.0  14.3  21.0   10:58     S
20   5.6   9.4   13:06   2.6   21:43  12.7   0.0   3.0   8.1  21.5   00:37   NNW
21   4.5   9.0   15:22   0.2   07:25  13.8   0.0   0.0   5.0  18.1   21:18    SW
22   5.3   7.6   14:22   4.2   01:46  13.0   0.0   0.0  17.4  27.5   09:46   SSW
23   4.9   7.0   13:31   3.4   07:40  13.4   0.0   0.0  17.7  36.2   19:55   SSW
24   5.1   7.4   13:29   4.1   03:38  13.2   0.0   0.0  25.0  37.8   00:13   SSW
25   5.3   8.0   13:02   4.0   04:20  13.0   0.0   0.0  18.3  31.1   01:24     S
26   4.0   8.4   15:50  -0.8   21:44  14.3   0.0   0.0  10.8  34.4   03:23     S
27   2.2   4.5   13:00  -1.1   23:40  16.1   0.0   1.0  12.7  32.2   23:29   ESE
28  -2.0  -0.1   10:59  -3.4   05:42  20.3   0.0   0.0  21.0  38.9   10:19   ESE
----------------------------------------------------------------------------------
     3.8   9.4    20    -3.4    28   405.3   0.0  33.3  14.0  57.0    14     WSW

Max >=  27.0:  0
Max <=   0.0:  1
Min <=   0.0:  7
Min <= -18.0:  0
Max Rain: 8.1 on day 1
Days of Rain: 14 (>= 0.2 mm)  7 (>= 2.0 mm)  0 (>= 20.0 mm)
Heat Base: 18.3  Cool Base: 18.3  Method: Integration
:Home::now::gauges::today::yesterday::this month::this year::records::monthly records::reports::trends::forum:


Page updated 09/04/2015 12:35:00
powered by Cumulus v1.9.4 (1099)