Holm, Orkney weather

 Latitude N 59° 29' 09"    Longitude E 03° 29' 02"    Elevation 33 ft

NOAA Style Reports for xulih weather

Select a Year or Month report

Report for 2018 Jan
                   Monthly Climatological Summary for Jan 2018

Name: xulih weather   City: Holm   State: Orkney
Elevation: 33 ft  Lat: N 58 53' 54"   Lon: W 002 53' 31"

                  Temperature (C), Rain (mm), Wind Speed (mph)

                                      Heat  Cool        Avg
    Mean                              Deg   Deg         Wind                 Dom
Day Temp  High   Time   Low    Time   Days  Days  Rain  Speed High   Time    Dir
----------------------------------------------------------------------------------
 1   3.3   5.6   12:54   1.7   09:35  15.0   0.0   2.0   3.1  21.5   03:06    NW
 2   3.6   5.7   14:14   0.2   08:11  14.7   0.0   2.0  11.0  36.5   17:59     S
 3   4.1   6.4   14:51   1.3   02:14  14.2   0.0   4.1   4.4  17.7   17:16     E
 4   3.6   5.3   11:33   2.4   22:24  14.7   0.0   0.0   7.2  19.2   14:44   ENE
 5   3.5   4.9   22:08   2.3   00:33  14.8   0.0  10.2  11.2  36.2   18:48   ENE
 6   2.2   4.3   00:00   0.5   22:26  16.1   0.0   0.0   8.9  31.3   00:38    NE
 7   3.0   4.3   13:30   1.5   23:12  15.3   0.0   0.0  11.8  22.8   05:46     W
 8   3.7   5.5   23:52   1.6   00:00  14.6   0.0   0.0  20.2  46.3   22:44   SSW
 9   6.4   6.6   10:35   5.5   00:00  11.9   0.0   0.0  33.3  44.5   02:18   SSE
10   6.0   6.9   11:43   3.5   23:12  12.3   0.0   1.0  12.3  40.7   00:54     S
11   3.0   6.7   14:17   0.0   21:24  15.3   0.0   0.0   1.7  13.0   22:42    NW
12   6.5   7.5   13:56   4.4   00:00  11.8   0.0   1.0  25.6  50.8   20:31     S
13   6.7   7.8   12:49   6.3   08:24  11.6   0.0   0.0  29.3  43.2   08:22     S
14   6.5   7.1   22:12   6.0   05:04  11.8   0.0   2.0  32.3  53.2   18:20   SSW
15   4.4   7.0   00:00   1.0   23:54  13.9   0.0   4.1  16.9  37.1   00:22   WSW
16   1.3   2.9   06:02   0.2   18:49  17.0   0.0   6.1  18.8  36.0   11:55     W
17   2.2   3.8   10:06   0.8   19:37  16.1   0.0   5.3  14.5  28.2   02:07   WNW
18   2.0   3.8   12:54   0.7   17:55  16.3   0.0   5.1   7.7  23.3   15:17   WNW
19   1.6   3.2   14:29   0.5   19:24  16.7   0.0   7.1   8.8  23.3   05:38   WNW
20   0.6   2.7   12:47  -2.3   23:04  17.7   0.0   1.0   4.5  18.8   00:21    NW
21   1.3   4.4   16:56  -3.5   08:16  17.0   0.0   9.1  16.7  47.4   19:30     S
22   6.0   7.1   14:04   4.2   00:00  12.3   0.0   3.0  16.4  32.2   13:42     W
23   6.5   7.2   12:56   4.3   23:52  11.8   0.0   6.1  17.3  36.2   21:05    SW
24   5.2   6.7   15:10   4.1   00:06  13.1   0.0   8.4  19.7  51.9   12:42     W
25   3.8   6.9   13:38   1.6   20:34  14.5   0.0   0.0   3.6  13.4   00:18   WNW
26   3.4   6.5   13:57  -0.4   08:22  14.7   0.0   1.0   5.9  20.6   23:38   SSW
27   6.6   8.9   12:07   5.2   00:55  11.7   0.0   7.4  28.6  67.1   21:43   WSW
28   6.6   7.6   01:25   4.7   23:18  11.7   0.0   8.1  18.6  52.8   01:02   WNW
29   4.8   6.2   11:20   3.3   14:46  13.5   0.0   1.0  20.5  42.5   14:37    NW
30   5.5   6.5   14:22   4.4   01:31  12.8   0.0   8.4  17.5  32.2   00:53   WNW
31   3.6   5.8   00:00   1.6   08:28  14.7   0.0   6.1  22.3  42.3   21:34    NW
----------------------------------------------------------------------------------
     4.1   8.9    27    -3.5    21   439.6   0.0 109.6  15.2  67.1    27     WSW

Max >=  27.0:  0
Max <=   0.0:  0
Min <=   0.0:  4
Min <= -18.0:  0
Max Rain: 10.2 on day 5
Days of Rain: 23 (>= 0.2 mm)  18 (>= 2.0 mm)  0 (>= 20.0 mm)
Heat Base: 18.3  Cool Base: 18.3  Method: Integration
:Home::now::gauges::today::yesterday::this month::this year::records::monthly records::reports::trends::forum:


Page updated 09/04/2015 12:35:00
powered by Cumulus v1.9.4 (1099)