Holm, Orkney weather

 Latitude N 59° 29' 09"    Longitude E 03° 29' 02"    Elevation 33 ft

NOAA Style Reports for xulih weather

Select a Year or Month report

Report for 2017 Dec
                   Monthly Climatological Summary for Dec 2017

Name: xulih weather   City: Holm   State: Orkney
Elevation: 33 ft  Lat: N 58 53' 54"   Lon: W 002 53' 31"

                  Temperature (C), Rain (mm), Wind Speed (mph)

                                      Heat  Cool        Avg
    Mean                              Deg   Deg         Wind                 Dom
Day Temp  High   Time   Low    Time   Days  Days  Rain  Speed High   Time    Dir
----------------------------------------------------------------------------------
 1   5.0   8.2   23:57   0.9   00:00  13.3   0.0   1.0   7.8  23.3   23:23    NW
 2   8.0   9.3   11:40   6.0   22:54  10.3   0.0   2.0  18.0  30.2   12:42    NW
 3   6.7   8.1   12:47   5.2   01:48  11.6   0.0   0.0  12.4  32.7   01:41   NNW
 4   8.4   9.0   23:06   7.8   02:21   9.8   0.0   2.0  18.3  34.0   13:25   WNW
 5   9.4  10.7   22:41   8.3   00:00   8.4   0.0   1.0  20.1  38.0   06:08     W
 6   9.9  10.6   00:00   9.3   09:59   8.4   0.0   5.1  19.3  34.0   20:03   WSW
 7   4.8  10.8   01:03   0.1   22:35  13.5   0.0   5.1  36.3  74.9   13:00    NW
 8   0.9   2.5   15:14  -0.1   09:07  17.4   0.0  12.4  24.1  42.3   02:46   NNW
 9   0.4   2.0   00:55  -0.1   06:41  17.9   0.0   0.0  13.3  35.3   03:19   NNW
10   1.3   2.8   12:33   0.2   00:00  16.8   0.0   3.0   6.4  15.2   11:05   NNW
11   2.2   5.1   13:11   0.0   00:58  16.1   0.0   1.0   4.0  19.0   22:31     N
12   3.0   4.8   19:51   1.1   04:42  15.3   0.0   1.0   7.4  22.1   18:51    SW
13   3.8   5.1   01:06   2.0   16:57  14.5   0.0   2.0  15.9  34.4   11:35     W
14   3.6   5.2   09:57   1.7   01:04  14.7   0.0   6.1  10.5  28.0   23:36     W
15   3.0   5.6   00:34   0.9   22:44  15.3   0.0   2.0  10.4  28.0   20:43   NNE
16   1.8   3.4   12:28   0.1   17:58  16.5   0.0   2.0   6.4  23.3   07:09   NNW
17   5.2   7.8   11:39   2.8   00:00  13.1   0.0   9.4  16.5  40.5   17:13     W
18   6.7   9.7   23:30   3.5   01:31  11.6   0.0   0.0   7.3  17.2   12:15   WSW
19   9.8  10.7   00:29   8.5   06:01   8.5   0.0   0.0  12.0  25.1   08:54    SW
20   8.2  10.8   00:36   6.9   07:34  10.1   0.0   1.0  11.8  30.0   14:11     W
21   6.0   7.4   00:00   3.2   21:25  12.3   0.0   1.0   8.2  28.4   10:00   WNW
22   7.7  10.5   17:31   4.5   07:23  10.6   0.0   0.0  13.0  32.0   18:20     W
23  10.0  12.0   09:03   7.7   21:36   8.3   0.0   2.0  20.0  47.4   16:15     W
24   7.5   8.8   02:08   6.5   23:59  10.8   0.0   6.1   9.5  19.0   22:59     W
25   3.5   6.5   00:00   0.6   23:12  14.8   0.0   1.0   2.6  16.6   00:27    NW
26   1.5   3.0   22:07  -0.4   02:45  16.8   0.0   6.4   6.5  27.5   12:56     N
27   2.5   3.9   12:18   1.4   15:23  15.8   0.0   2.0  13.1  27.5   13:21     N
28   2.0   3.5   11:18   0.4   23:26  16.3   0.0   3.8   9.7  23.3   02:22     N
29   0.9   4.5   23:46  -2.4   05:25  17.4   0.0   1.0   5.7  22.4   23:47     E
30   4.3   5.1   13:14   3.1   23:30  14.0   0.0   5.3  10.5  23.0   04:59     S
31   4.5   5.7   06:21   3.6   01:39  13.8   0.0  10.4  12.3  25.9   10:50     E
----------------------------------------------------------------------------------
     4.9  12.0    23    -2.4    29   414.0   0.0  95.1  12.5  74.9     7     WNW

Max >=  27.0:  0
Max <=   0.0:  0
Min <=   0.0:  5
Min <= -18.0:  0
Max Rain: 12.4 on day 8
Days of Rain: 26 (>= 0.2 mm)  18 (>= 2.0 mm)  0 (>= 20.0 mm)
Heat Base: 18.3  Cool Base: 18.3  Method: Integration
:Home::now::gauges::today::yesterday::this month::this year::records::monthly records::reports::trends::forum:


Page updated 09/04/2015 12:35:00
powered by Cumulus v1.9.4 (1099)