Holm, Orkney weather

 Latitude N 59° 29' 09"    Longitude E 03° 29' 02"    Elevation 33 ft

NOAA Style Reports for xulih weather

Select a Year or Month report

Report for 2017 Sep
                   Monthly Climatological Summary for Sep 2017

Name: xulih weather   City: Holm   State: Orkney
Elevation: 33 ft  Lat: N 58 53' 54"   Lon: W 002 53' 31"

                  Temperature (C), Rain (mm), Wind Speed (mph)

                                      Heat  Cool        Avg
    Mean                              Deg   Deg         Wind                 Dom
Day Temp  High   Time   Low    Time   Days  Days  Rain  Speed High   Time    Dir
----------------------------------------------------------------------------------
 1  14.1  14.1   00:00  14.1   00:00   4.2   0.0   0.0  22.1  22.1   00:00    SE
 2  14.1  14.1   00:00  14.1   00:00   4.2   0.0   0.0  22.1  22.1   00:00    SE
 3  14.2  15.9   19:20  14.1   00:00   4.1   0.0  16.5  23.7  38.3   22:58    SE
 4  14.2  16.6   18:50  11.6   22:04   4.1   0.0  11.7  21.1  39.8   00:10     S
 5  14.4  19.8   13:19  11.7   23:44   4.0   0.1   2.0   8.5  20.6   06:53   SSW
 6  13.1  16.1   15:13  11.4   01:51   5.2   0.0   0.0  12.2  22.1   11:57     W
 7  12.8  14.8   16:23  11.1   03:47   5.5   0.0   6.1  10.1  18.6   12:52   SSW
 8  13.9  20.2   17:01   9.3   23:47   4.6   0.1   1.0   4.7  11.0   15:54     S
 9  12.1  15.2   14:46   7.8   03:08   6.2   0.0   0.0   6.9  16.1   14:31     N
10  12.4  15.8   14:35  10.7   05:20   5.9   0.0   2.0  10.4  24.6   12:16     S
11  11.5  12.7   09:09  10.2   04:18   6.8   0.0  39.9  13.7  32.4   15:28     N
12  11.6  14.8   13:28   8.4   23:54   6.7   0.0   1.0  11.6  24.8   00:42    NW
13  11.1  14.7   15:29   8.1   00:40   7.2   0.0   1.0   6.3  15.2   15:06     N
14  10.6  13.5   12:01   8.1   06:02   7.7   0.0   5.1  13.3  26.6   14:31   NNW
15  10.6  12.7   11:26   9.3   05:58   7.7   0.0   3.8  14.0  28.4   11:55     N
16  11.8  15.3   16:33   9.4   05:23   6.5   0.0   2.0  10.7  20.6   13:43    NE
17  11.8  14.0   12:44   9.2   21:04   6.5   0.0   0.0   5.5  14.3   09:18    NE
18  10.4  12.4   12:12   8.0   03:14   7.9   0.0   0.0   6.0  14.1   10:47     N
19  11.3  15.7   16:04   6.8   23:31   7.0   0.0   0.0   5.0  14.8   15:09    NW
20  12.4  15.8   12:41   7.0   00:29   5.9   0.0   7.4   8.9  19.2   08:12     S
21  10.7  12.4   13:17   8.1   23:42   7.6   0.0   6.1   4.8  11.6   16:54   NNW
22  11.0  15.0   13:32   4.9   03:40   7.3   0.0   0.0  14.3  29.1   20:03     S
23  13.9  16.6   14:26  12.1   05:31   4.4   0.0   0.0  23.3  39.6   21:15   SSE
24  14.0  15.5   12:52  13.5   22:02   4.3   0.0   1.0  20.5  38.0   00:21     S
25  13.7  14.5   13:19  13.3   05:28   4.6   0.0   1.0  17.9  28.4   09:45   SSE
26  13.9  15.6   12:49  13.2   06:25   4.4   0.0   0.0  19.3  30.0   19:10   SSE
27  14.2  15.9   15:00  13.3   07:00   4.1   0.0   0.0  24.7  36.0   20:42   SSE
28  14.5  17.4   14:44  13.1   22:56   3.8   0.0   2.0  24.1  37.4   05:43   SSE
29  13.6  16.2   17:11  11.3   23:45   4.7   0.0   2.0  20.9  42.9   09:41     S
30  12.4  16.7   14:57  10.1   23:54   5.9   0.0   1.0  12.5  21.3   04:13   SSW
----------------------------------------------------------------------------------
    12.7  20.2     8     4.9    22   169.0   0.2 112.6  14.0  42.9    29     SSE

Max >=  27.0:  0
Max <=   0.0:  0
Min <=   0.0:  0
Min <= -18.0:  0
Max Rain: 39.9 on day 11
Days of Rain: 19 (>= 0.2 mm)  13 (>= 2.0 mm)  1 (>= 20.0 mm)
Heat Base: 18.3  Cool Base: 18.3  Method: Integration
:Home::now::gauges::today::yesterday::this month::this year::records::monthly records::reports::trends::forum:


Page updated 09/04/2015 12:35:00
powered by Cumulus v1.9.4 (1099)