Holm, Orkney weather

 Latitude N 59° 29' 09"    Longitude E 03° 29' 02"    Elevation 33 ft

NOAA Style Reports for xulih weather

Select a Year or Month report

Report for 2017 Jul
                   Monthly Climatological Summary for Jul 2017

Name: xulih weather   City: Holm   State: Orkney
Elevation: 33 ft  Lat: N 58 53' 54"   Lon: W 002 53' 31"

                  Temperature (C), Rain (mm), Wind Speed (mph)

                                      Heat  Cool        Avg
    Mean                              Deg   Deg         Wind                 Dom
Day Temp  High   Time   Low    Time   Days  Days  Rain  Speed High   Time    Dir
----------------------------------------------------------------------------------
 1  11.7  16.1   17:36   6.0   03:51   6.6   0.0   0.0  11.0  35.6   23:42   WSW
 2  12.7  15.7   16:09  10.7   04:07   5.6   0.0   3.0  18.9  46.3   01:20   WNW
 3  12.0  15.4   18:43   8.2   23:42   6.3   0.0   3.3  12.4  25.5   11:25    NW
 4  13.2  21.2   14:53   6.7   03:50   5.3   0.1   0.0   4.1  11.0   15:13   SSE
 5  14.4  19.3   14:25   8.1   02:40   4.0   0.1   0.0   9.5  21.7   22:30   SSE
 6  14.7  20.0   13:37  12.0   03:34   3.7   0.1   1.0  10.6  21.0   00:26     S
 7  13.9  17.1   15:39  11.5   23:00   4.4   0.0   0.8   8.5  18.8   16:17    NW
 8  12.7  15.9   12:10  10.7   01:56   5.6   0.0   2.0  10.9  23.3   21:32   WSW
 9  13.3  16.0   15:54   9.0   23:43   5.0   0.0   1.0  11.7  20.6   10:26     W
10  13.2  18.2   15:35   7.3   01:26   5.1   0.0   0.0   5.2  13.4   13:53   WNW
11  12.8  18.3   14:44   8.7   05:19   5.5   0.0   0.0   4.4  11.2   11:06   ENE
12  12.3  16.6   15:26   6.1   04:12   6.0   0.0   0.0   7.6  17.2   14:26    NW
13  15.1  23.2   15:37   8.1   04:07   3.7   0.5   0.0   4.6  10.1   07:07   SSE
14  13.9  16.5   15:23  12.2   03:46   4.4   0.0   0.0  10.0  25.1   12:43   WNW
15  13.7  15.8   14:34  12.5   22:26   4.6   0.0   8.4  13.2  26.2   19:18    SW
16  13.5  17.0   13:47  12.0   03:30   4.8   0.0   0.0  18.1  38.0   18:28     W
17  13.1  15.9   14:23  11.8   02:51   5.2   0.0   2.0  17.4  33.6   14:50   WNW
18  15.9  20.6   15:58  11.2   04:03   2.9   0.5   0.0  10.4  23.0   22:09   SSE
19  14.9  17.6   16:01  13.2   04:46   3.4   0.0   1.0  20.8  33.3   14:32    SE
20  12.8  14.0   08:50  10.2   23:59   5.5   0.0  21.1  13.3  29.5   02:41    NE
21  14.1  18.4   18:55  10.0   01:48   4.2   0.0   2.0  14.9  28.4   17:49   SSE
22  15.5  18.7   15:42  12.4   23:42   2.8   0.0   0.0  13.7  23.3   10:29   ESE
23  14.8  18.2   10:43  12.3   00:17   3.5   0.0   0.0  12.1  22.1   15:14   ENE
24  12.7  14.1   14:07  11.8   05:21   5.6   0.0   0.0   6.9  14.1   07:48     N
25  12.6  14.9   15:00  11.3   04:11   5.7   0.0   1.0   4.1   8.5   15:11    NE
26  13.6  17.2   19:00  12.0   02:28   4.7   0.0   6.1  14.5  29.8   16:44    SE
27  15.0  20.4   15:56  10.7   03:37   3.5   0.2   0.0   9.9  19.9   14:01     S
28  15.7  20.7   15:40  12.6   02:39   2.8   0.2   3.0   8.5  16.6   05:34   SSE
29  15.0  20.0   13:30  12.0   02:16   3.3   0.1   4.3   7.9  19.2   14:04   SSW
30  16.5  21.8   18:09  12.9   05:22   2.4   0.6   0.0   8.4  16.1   13:55   SSE
31  16.1  22.1   15:29  12.5   03:01   2.7   0.5   0.0   5.3  12.3   14:11   WSW
----------------------------------------------------------------------------------
    13.9  23.2    13     6.0     1   138.8   2.9  60.0  10.6  46.3     2      SW

Max >=  27.0:  0
Max <=   0.0:  0
Min <=   0.0:  0
Min <= -18.0:  0
Max Rain: 21.1 on day 20
Days of Rain: 15 (>= 0.2 mm)  10 (>= 2.0 mm)  1 (>= 20.0 mm)
Heat Base: 18.3  Cool Base: 18.3  Method: Integration
:Home::now::gauges::today::yesterday::this month::this year::records::monthly records::reports::trends::forum:


Page updated 09/04/2015 12:35:00
powered by Cumulus v1.9.4 (1099)