Holm, Orkney weather

 Latitude N 59° 29' 09"    Longitude E 03° 29' 02"    Elevation 33 ft

NOAA Style Reports for xulih weather


Report for 2017 Apr
                   Monthly Climatological Summary for Apr 2017

Name: xulih weather   City: Holm   State: Orkney
Elevation: 33 ft  Lat: N 58 53' 54"   Lon: W 002 53' 31"

                  Temperature (C), Rain (mm), Wind Speed (mph)

                                      Heat  Cool        Avg
    Mean                              Deg   Deg         Wind                 Dom
Day Temp  High   Time   Low    Time   Days  Days  Rain  Speed High   Time    Dir
----------------------------------------------------------------------------------
 1   9.7  15.5   13:43   7.4   23:57   8.6   0.0   0.0   8.8  24.6   00:33     W
 2   8.8  13.8   16:41   5.5   05:15   9.5   0.0   0.0   8.4  19.9   21:07   WSW
 3   9.7  11.8   19:28   8.0   04:52   8.6   0.0   0.0  11.9  25.9   18:36   SSW
 4   7.7  10.0   15:37   5.3   22:19  10.6   0.0   0.0  25.1  55.3   21:51     W
 5   8.0  10.2   14:50   5.3   00:12  10.3   0.0   0.0   6.4  50.1   02:44   WNW
 6   9.4  11.5   14:47   7.5   01:18   8.9   0.0   0.0   7.0  32.2   17:55     W
 7   9.7  12.4   15:31   8.6   05:26   8.6   0.0   0.0  15.3  29.8   00:59    NW
 8  10.3  16.5   16:36   7.5   23:59   8.0   0.0   0.0   9.5  19.5   07:14    NW
 9   7.9  12.5   11:48   5.1   03:26  10.4   0.0   0.0   9.7  35.3   23:35    NW
10   6.1   8.4   14:56   3.7   06:45  12.2   0.0   0.0  17.2  35.6   14:16    NW
11   8.3  10.1   15:10   5.7   01:19  10.0   0.0   0.0  20.3  38.7   15:57    NW
12   7.6  10.1   13:50   5.4   23:19  10.7   0.0   0.0  26.6  46.5   08:38    NW
13   7.2  10.2   14:36   4.8   06:28  11.1   0.0   0.0  16.6  35.1   09:35    NW
14   7.1   9.7   13:29   5.0   06:02  11.2   0.0   0.0  13.4  28.6   20:26    NW
15   6.8  10.6   15:07   3.6   05:58  11.5   0.0   0.0  17.3  37.8   04:13    NW
16   5.8  10.8   17:42   0.9   05:20  12.5   0.0   0.0   4.4  16.6   14:37   NNE
17   4.4   9.4   18:51   1.0   01:49  13.9   0.0   0.0   6.0  23.5   12:37     N
18   6.4  11.4   17:06   1.1   01:21  11.9   0.0   0.0   7.4  19.9   15:26    NW
19   9.4  11.9   15:38   7.3   06:30   8.9   0.0   0.0   7.8  14.8   05:13    NW
20   9.5  11.4   14:30   7.5   23:59   8.8   0.0   0.0  19.5  34.2   15:39    NW
21   7.2   9.2   13:37   4.5   23:57  11.1   0.0   0.0  20.6  39.6   09:49    NW
22   5.7   8.9   17:08   3.6   01:31  12.6   0.0   0.0  13.6  28.0   13:48    NW
23   6.8   8.7   19:26   3.8   23:40  11.5   0.0   0.0  18.2  44.3   20:23    NW
24   3.3   7.7   16:43   0.9   11:48  15.0   0.0   0.0   7.9  27.1   22:16     N
25   4.6   8.5   15:04   1.6   02:28  13.7   0.0   0.0  14.7  33.3   03:28     N
26   5.5   8.5   15:53   1.3   05:23  12.8   0.0   0.0  13.1  30.6   22:14    NW
27   7.4  10.0   17:31   2.9   23:36  10.9   0.0   0.0  12.7  33.3   00:06   NNW
28   8.2  13.8   18:15   2.9   00:00  10.0   0.0   0.0   6.9  17.9   23:36    NE
29   9.1  12.9   14:30   7.3   00:56   9.2   0.0   0.0  23.2  34.0   14:41    NE
30   9.8  13.0   14:44   8.1   21:27   8.5   0.0   0.0  24.0  33.3   05:55    NE
----------------------------------------------------------------------------------
     7.6  16.5     8     0.9    16   321.5   0.0   0.0  13.8  55.3     4      NW

Max >=  27.0:  0
Max <=   0.0:  0
Min <=   0.0:  0
Min <= -18.0:  0
Max Rain: 0.0 on day 0
Days of Rain: 0 (>= 0.2 mm)  0 (>= 2.0 mm)  0 (>= 20.0 mm)
Heat Base: 18.3  Cool Base: 18.3  Method: Integration
:Home::now::gauges::today::yesterday::this month::this year::records::monthly records::reports::trends::forum:


Page updated 09/04/2015 12:35:00
powered by Cumulus v1.9.4 (1099)