Holm, Orkney weather

 Latitude N 59° 29' 09"    Longitude E 03° 29' 02"    Elevation 33 ft

NOAA Style Reports for xulih weather

Select a Year or Month report

Report for 2017 Mar
                   Monthly Climatological Summary for Mar 2017

Name: xulih weather   City: Holm   State: Orkney
Elevation: 33 ft  Lat: N 58 53' 54"   Lon: W 002 53' 31"

                  Temperature (C), Rain (mm), Wind Speed (mph)

                                      Heat  Cool        Avg
    Mean                              Deg   Deg         Wind                 Dom
Day Temp  High   Time   Low    Time   Days  Days  Rain  Speed High   Time    Dir
----------------------------------------------------------------------------------
 1   3.3   6.3   13:05   0.6   07:04  15.0   0.0   0.0  12.6  34.4   16:17   WNW
 2   4.6   7.4   13:14   2.9   05:09  13.7   0.0   0.0  19.8  42.3   15:22   WNW
 3   5.0   8.8   15:19   2.4   07:28  13.3   0.0   0.0   5.7  17.4   23:31   NNE
 4   5.3   6.4   10:25   3.7   00:32  13.0   0.0   0.0  18.4  34.7   20:59     E
 5   7.1   9.6   13:59   5.7   05:37  11.2   0.0   0.0  17.6  29.3   14:43    SE
 6   7.5  10.3   14:00   6.0   05:33  10.8   0.0   0.0  19.4  34.2   17:38   SSE
 7   7.2  10.1   14:39   6.0   07:54  11.1   0.0   0.0  15.0  35.8   22:44     S
 8   6.6   9.2   12:00   5.3   04:38  11.7   0.0   0.0  20.3  45.4   21:21   WSW
 9   6.8   9.3   13:52   4.8   06:15  11.5   0.0   0.0  17.1  37.1   13:40   WNW
10   6.7   9.3   12:07   3.6   02:59  11.6   0.0   0.0   8.5  23.5   11:19   SSE
11   9.2  14.3   15:41   7.3   23:32   9.1   0.0   0.0   5.3  17.4   03:49     S
12   8.4  10.7   12:52   6.9   23:40   9.9   0.0   0.0   7.3  23.5   21:17   SSW
13   8.4  10.2   12:51   6.6   03:08   9.9   0.0   0.0  14.9  30.4   14:00   WSW
15   8.3  10.2   02:25   5.2   18:14   8.2   0.0   0.0  ----  62.2   14:51     W
16   4.7   6.7   16:57   0.0   16:51   4.0   0.0   0.0  29.5  44.5   21:14     W
17   4.6   8.0   12:42   2.5   04:04  13.7   0.0   0.0  11.9  45.0   03:24   WNW
18   5.3  10.0   13:40   1.4   06:29  13.0   0.0   0.0   6.4  19.7   17:20   SSW
19   6.8   8.9   13:32   5.1   20:08  11.5   0.0   0.0  15.2  37.1   18:56     W
20   5.6   8.4   12:37   3.7   20:21  12.7   0.0   0.0  21.6  54.1   14:12   WSW
21   4.4   7.0   14:24   3.2   20:37  13.9   0.0   0.0  10.7  25.1   01:41   WNW
22   4.5   8.6   12:11   1.0   05:28  13.8   0.0   0.0   5.0  16.6   15:32    NE
23   4.8  11.0   15:32  -0.8   06:17  13.5   0.0   0.0   4.9  14.5   23:07    SW
24   7.4   9.5   14:13   5.2   00:12  10.9   0.0   0.0  12.0  27.1   11:10     W
25   9.2  12.6   13:26   6.6   06:05   9.1   0.0   0.0  10.6  25.1   14:25   WNW
26   9.4  15.3   17:03   5.0   23:57   8.5   0.0   0.0   3.3  15.2   02:43     W
27   7.3  11.6   16:39   3.9   03:18  11.0   0.0   0.0   6.9  19.0   23:47     E
28   6.9   8.8   13:40   5.4   22:35  11.4   0.0   0.0  12.9  21.3   16:17   ESE
29   6.4   9.5   15:28   3.8   07:12  11.9   0.0   0.0  13.2  25.1   19:54   ESE
30   9.6  14.2   14:55   5.2   06:37   8.7   0.0   0.0   2.5  13.2   00:22    SE
31   9.6  11.9   13:14   8.5   06:22   8.7   0.0   0.0   9.6  25.5   21:24     S
----------------------------------------------------------------------------------
     6.7  15.3    26    -0.8    23   336.3   0.0   0.0  11.9  62.2    15     WSW

Max >=  27.0:  0
Max <=   0.0:  0
Min <=   0.0:  2
Min <= -18.0:  0
Max Rain: 0.0 on day 0
Days of Rain: 0 (>= 0.2 mm)  0 (>= 2.0 mm)  0 (>= 20.0 mm)
Heat Base: 18.3  Cool Base: 18.3  Method: Integration
:Home::now::gauges::today::yesterday::this month::this year::records::monthly records::reports::trends::forum:


Page updated 09/04/2015 12:35:00
powered by Cumulus v1.9.4 (1099)