Holm, Orkney weather

 Latitude N 59° 29' 09"    Longitude E 03° 29' 02"    Elevation 33 ft

NOAA Style Reports for xulih weather

Select a Year or Month report

Report for 2017 Feb
                   Monthly Climatological Summary for Feb 2017

Name: xulih weather   City: Holm   State: Orkney
Elevation: 33 ft  Lat: N 58 53' 54"   Lon: W 002 53' 31"

                  Temperature (C), Rain (mm), Wind Speed (mph)

                                      Heat  Cool        Avg
    Mean                              Deg   Deg         Wind                 Dom
Day Temp  High   Time   Low    Time   Days  Days  Rain  Speed High   Time    Dir
----------------------------------------------------------------------------------
 1   6.4   8.0   14:40   2.8   05:37  11.9   0.0   0.0  12.7  33.3   21:25     S
 2   8.4   9.2   12:56   7.3   00:00   9.9   0.0   0.0  26.0  48.8   22:55     S
 3   8.6  10.1   13:25   7.6   23:09   9.7   0.0   0.0  24.6  51.9   05:13     S
 4   6.9   8.1   09:48   4.7   23:35  11.4   0.0   0.0  25.7  47.9   15:35     S
 5   6.4   8.9   14:07   4.8   00:00  11.9   0.0   0.0  14.5  27.3   10:35     S
 6   6.5   8.3   13:30   4.6   05:40  11.8   0.0   0.0  26.6  55.5   20:18     S
 7   6.1   7.0   00:00   5.1   23:18  12.2   0.0   0.0  33.1  51.7   14:14     S
 8   5.1   5.7   15:13   4.6   07:10  13.2   0.0   0.0  27.8  40.9   03:00     S
 9   4.5   6.4   13:22   2.8   22:17  13.8   0.0   0.0  20.6  33.3   00:58     S
10   1.5   4.3   13:42  -1.4   21:45  16.8   0.0   0.0   4.5  23.0   01:25    SE
11   1.0   5.5   14:07  -2.0   03:58  17.3   0.0   0.0   4.2   8.5   12:33    NE
12   3.9   7.3   12:39   0.0   04:08  14.4   0.0   0.0   8.3  25.7   23:23    SE
13   5.7   6.4   14:32   4.4   00:00  12.6   0.0   0.0  20.8  34.7   23:40   SSE
14   6.9   8.9   14:26   6.1   00:00  11.4   0.0   0.0  21.2  32.4   13:55     S
15   7.4  11.0   13:41   4.3   08:13  10.9   0.0   0.0   5.3  24.6   01:05   SSW
16   7.9  10.8   14:10   6.0   05:28  10.4   0.0   0.0   5.8  14.3   13:07    NW
17   7.9  10.7   12:41   5.6   05:42  10.4   0.0   0.0   4.3  13.6   14:58   SSW
18   8.4  10.3   13:02   7.1   01:48   9.9   0.0   0.0   9.5  25.5   13:58     W
19   8.6  10.0   19:01   6.8   04:14   9.7   0.0   0.0  15.5  35.1   23:53   WNW
20   8.2  10.0   12:20   5.3   21:08  10.1   0.0   0.0  23.8  44.1   20:37   WNW
21   6.6   8.5   17:52   5.0   02:46  11.7   0.0   0.0  19.1  46.3   23:58     W
22   4.7   7.3   14:04   1.4   22:24  13.6   0.0   0.0  26.8  59.1   10:20     S
23   2.9   5.4   14:21  -0.7   23:56  15.4   0.0   0.0   7.5  19.5   09:23    NE
24   2.9   6.3   13:14  -1.4   06:25  15.4   0.0   0.0  11.3  42.1   21:55     S
25   7.0   9.5   11:11   5.2   18:07  11.3   0.0   0.0  16.5  39.6   13:57    SW
26   6.1   8.9   12:42   4.3   04:25  12.2   0.0   0.0  11.9  34.0   23:13   SSW
27   4.4   8.9   14:27  -0.2   23:59  13.9   0.0   0.0  10.6  32.7   02:19   WSW
28   3.5   8.2   13:54  -0.7   00:52  14.8   0.0   0.0   7.3  26.4   15:04     N
----------------------------------------------------------------------------------
     5.9  11.0    15    -2.0    11   348.0   0.0   0.0  15.9  59.1    22     SSW

Max >=  27.0:  0
Max <=   0.0:  0
Min <=   0.0:  7
Min <= -18.0:  0
Max Rain: 0.0 on day 0
Days of Rain: 0 (>= 0.2 mm)  0 (>= 2.0 mm)  0 (>= 20.0 mm)
Heat Base: 18.3  Cool Base: 18.3  Method: Integration
:Home::now::gauges::today::yesterday::this month::this year::records::monthly records::reports::trends::forum:


Page updated 09/04/2015 12:35:00
powered by Cumulus v1.9.4 (1099)