Holm, Orkney weather

 Latitude N 59° 29' 09"    Longitude E 03° 29' 02"    Elevation 33 ft

NOAA Style Reports for xulih weather

Select a Year or Month report

Report for 2017 Jan
                   Monthly Climatological Summary for Jan 2017

Name: xulih weather   City: Holm   State: Orkney
Elevation: 33 ft  Lat: N 58 53' 54"   Lon: W 002 53' 31"

                  Temperature (C), Rain (mm), Wind Speed (mph)

                                      Heat  Cool        Avg
    Mean                              Deg   Deg         Wind                 Dom
Day Temp  High   Time   Low    Time   Days  Days  Rain  Speed High   Time    Dir
----------------------------------------------------------------------------------
 1   3.1   4.8   13:02   1.6   22:30  15.2   0.0   0.0  12.6  36.9   08:26   NNE
 2   4.6   8.0   23:59   2.1   00:44  13.7   0.0   0.0  14.7  38.5   21:23   NNW
 3   6.6   8.5   03:25   3.6   23:20  11.7   0.0   0.0  27.3  50.1   07:03   NNW
 4   2.6   3.9   00:00   1.3   07:01  15.7   0.0   0.0  13.3  39.4   00:19     N
 5   3.7   5.4   23:52   2.3   00:33  14.6   0.0   0.0  11.2  27.1   12:28    SW
 6   7.7   9.5   13:06   5.4   00:00  10.5   0.0   0.0  11.9  24.2   12:15     W
 7   7.2   8.7   23:42   5.4   07:20  11.1   0.0   0.0   7.1  17.4   23:53     W
 8   8.7   9.3   13:33   7.7   16:56   9.6   0.0   0.0  12.2  27.1   23:32   WSW
 9   7.0   9.4   05:38   5.5   16:36  11.3   0.0   0.0  19.8  35.1   20:32    SW
10   7.0   7.9   14:01   5.9   00:00  11.3   0.0   0.0  21.1  41.8   17:46   WNW
11   3.4   8.9   01:30  -0.1   10:01  14.9   0.0   0.0  35.0  66.9   02:53    NW
12   2.0   4.8   01:04   0.4   12:46  16.3   0.0   0.0  23.6  55.3   20:20    NW
13   1.4   4.6   01:55  -0.2   18:51  16.9   0.0   0.0  17.6  46.5   04:16     N
14   1.0   2.8   23:54  -0.9   18:08  17.3   0.0   0.0   8.5  33.1   02:42   NNW
15   5.9   7.6   13:36   2.8   00:00  12.4   0.0   0.0   6.1  17.7   01:34     S
16   8.4   8.8   19:36   7.3   00:00   9.9   0.0   0.0   7.1  17.4   06:49   WSW
17   9.2  10.9   13:39   8.2   23:59   9.1   0.0   0.0   6.5  14.5   19:42   WSW
18   9.1  12.5   13:45   7.0   07:40   9.2   0.0   0.0  10.7  26.6   17:56    SW
19   9.0   9.8   12:07   8.0   00:27   9.3   0.0   0.0  13.1  30.9   05:31     W
20   7.6   9.2   14:12   4.2   18:32  10.7   0.0   0.0   6.7  19.2   00:41    SW
21   5.4   6.8   12:34   2.3   23:59  12.9   0.0   0.0   7.3  23.5   02:18   SSW
22   3.2   6.5   14:04  -0.3   04:43  15.1   0.0   0.0   3.8  14.1   20:31   WNW
23   5.9   8.2   14:32   4.5   21:04  12.4   0.0   0.0   9.4  17.7   18:37    SW
24   7.4   9.1   12:44   5.3   00:00  10.9   0.0   0.0  15.3  26.2   04:11   SSW
25   8.8   9.7   12:45   8.0   00:00   9.5   0.0   0.0  19.9  35.3   21:53   SSW
26   6.6   8.4   00:00   5.4   23:25  11.7   0.0   0.0  29.7  51.7   18:50     S
27   5.7   7.4   11:56   4.8   03:43  12.6   0.0   0.0  25.9  45.4   00:00   SSE
28   5.5   6.1   06:14   4.4   23:05  12.8   0.0   0.0   9.9  28.6   01:04   SSW
29   3.8   6.8   14:13  -0.4   23:53  14.5   0.0   0.0   7.8  26.8   04:08    NW
30   4.5   7.3   13:34  -0.7   02:59  13.8   0.0   0.0  20.3  50.6   23:03   SSE
31   6.9   7.2   12:20   6.3   00:00  11.4   0.0   0.0  27.2  57.7   01:37     S
----------------------------------------------------------------------------------
     5.8  12.5    18    -0.9    14   388.3   0.0   0.0  14.9  66.9    11     WSW

Max >=  27.0:  0
Max <=   0.0:  0
Min <=   0.0:  6
Min <= -18.0:  0
Max Rain: 0.0 on day 0
Days of Rain: 0 (>= 0.2 mm)  0 (>= 2.0 mm)  0 (>= 20.0 mm)
Heat Base: 18.3  Cool Base: 18.3  Method: Integration
:Home::now::gauges::today::yesterday::this month::this year::records::monthly records::reports::trends::forum:


Page updated 09/04/2015 12:35:00
powered by Cumulus v1.9.4 (1099)