Holm, Orkney weather

 Latitude N 59° 29' 09"    Longitude E 03° 29' 02"    Elevation 33 ft

NOAA Style Reports for xulih weather

Select a Year or Month report

Report for 2016 Nov
                   Monthly Climatological Summary for Nov 2016

Name: xulih weather   City: Holm   State: Orkney
Elevation: 33 ft  Lat: N 58 53' 54"   Lon: W 002 53' 31"

                  Temperature (C), Rain (mm), Wind Speed (mph)

                                      Heat  Cool        Avg
    Mean                              Deg   Deg         Wind                 Dom
Day Temp  High   Time   Low    Time   Days  Days  Rain  Speed High   Time    Dir
----------------------------------------------------------------------------------
 1   7.3   9.8   12:18   5.5   05:17  11.0   0.0   0.0  15.4  31.8   20:26   NNW
 2   6.7   9.6   12:44   3.4   22:02  11.6   0.0   1.3   7.5  24.6   00:34     N
 3   8.1   9.4   12:14   5.6   00:00  10.2   0.0   1.0   6.7  14.8   12:07   SSW
 4   7.8  10.0   12:05   4.9   23:35  10.5   0.0   0.0  13.0  33.8   21:48   ENE
 5   4.9   6.6   14:22   3.3   10:08  13.4   0.0   0.0  14.3  34.2   17:51    NE
 6   5.4   8.0   12:08   3.9   02:17  12.9   0.0   0.0  11.8  34.4   03:54    NE
 7   4.9   6.3   11:08   3.7   23:58  13.4   0.0   0.0   5.6  21.9   03:15    NE
 8   5.8   7.0   20:59   2.7   06:04  12.5   0.0   0.0  20.6  42.1   13:39     S
 9   6.8   7.3   02:17   6.0   06:01  11.5   0.0  14.7  26.9  47.6   08:45     S
10   6.4   9.0   13:21   2.2   18:57  11.9   0.0   0.0   5.1  22.8   00:09    SW
11   7.5   8.9   19:51   5.6   04:25  10.8   0.0   5.1  16.6  42.7   21:29     S
12   8.6  11.2   11:13   4.8   22:02   9.7   0.0   1.3  12.7  44.5   01:01   WSW
13   8.3  11.1   23:36   3.8   02:45  10.0   0.0   3.0  11.5  24.4   15:23   SSW
14  12.0  13.5   23:05  11.1   00:00   6.3   0.0   0.0  11.9  25.7   06:14     W
15  10.1  13.0   00:00   8.6   16:49   8.2   0.0   1.0  20.6  45.6   01:44   WNW
16   6.2   9.4   03:11   3.8   14:14  12.1   0.0   8.4  24.0  54.1   17:05     W
17   3.9   6.3   12:51   0.7   20:44  14.4   0.0   2.0  13.3  45.2   00:25     W
18   2.9   4.5   23:46   1.0   01:18  15.4   0.0   0.0   7.4  17.4   21:23    NW
19   4.4   5.8   14:42   2.8   09:08  13.9   0.0   1.0   7.0  15.4   00:56     W
20   1.6   5.5   13:02  -0.9   08:30  16.7   0.0   0.0   2.6   6.3   01:24   NNW
21   2.6   6.2   13:21  -0.5   05:56  15.7   0.0   0.0   4.1  15.4   07:51     N
22   5.3   6.9   13:14   2.4   23:32  13.0   0.0   1.0   9.5  23.3   03:52    NE
23   4.7   7.6   23:53   1.0   05:51  13.6   0.0   0.0   8.7  21.3   15:57   WNW
24   7.8   8.8   14:21   6.7   03:15  10.5   0.0   0.0  14.0  28.6   18:21     W
25   9.3  10.7   21:05   7.0   00:57   9.0   0.0   0.0  17.7  30.6   13:39   WNW
26   8.1  10.5   00:00   5.3   23:00  10.2   0.0   0.0  10.3  30.6   02:38   NNW
27   5.9   7.9   13:05   3.2   08:59  12.4   0.0   0.0   5.0  13.2   23:28     E
28   6.3   7.5   12:09   4.7   17:46  12.0   0.0   0.0   8.4  19.5   23:38     W
29   7.0   8.6   11:59   5.8   00:29  11.3   0.0   0.0  17.9  40.3   16:04   WNW
30   9.0   9.8   23:44   7.1   02:46   9.3   0.0   0.0  23.6  39.1   11:01    NW
----------------------------------------------------------------------------------
     6.5  13.5    14    -0.9    20   353.4   0.0  39.8  12.5  54.1    16     WNW

Max >=  27.0:  0
Max <=   0.0:  0
Min <=   0.0:  2
Min <= -18.0:  0
Max Rain: 14.7 on day 9
Days of Rain: 11 (>= 0.2 mm)  5 (>= 2.0 mm)  0 (>= 20.0 mm)
Heat Base: 18.3  Cool Base: 18.3  Method: Integration
:Home::now::gauges::today::yesterday::this month::this year::records::monthly records::reports::trends::forum:


Page updated 09/04/2015 12:35:00
powered by Cumulus v1.9.4 (1099)