Holm, Orkney weather

 Latitude N 59° 29' 09"    Longitude E 03° 29' 02"    Elevation 33 ft

NOAA Style Reports for xulih weather

Select a Year or Month report

Report for 2016 Oct
                   Monthly Climatological Summary for Oct 2016

Name: xulih weather   City: Holm   State: Orkney
Elevation: 33 ft  Lat: N 58 53' 54"   Lon: W 002 53' 31"

                  Temperature (C), Rain (mm), Wind Speed (mph)

                                      Heat  Cool        Avg
    Mean                              Deg   Deg         Wind                 Dom
Day Temp  High   Time   Low    Time   Days  Days  Rain  Speed High   Time    Dir
----------------------------------------------------------------------------------
 1   8.8  14.7   17:14   4.3   07:17   9.5   0.0   0.0   3.3  14.8   13:47   NNW
 2  10.2  16.5   14:25   4.1   05:54   8.1   0.0   0.0   6.7  23.9   23:37   SSE
 3  12.5  15.0   15:01  10.9   04:02   5.8   0.0   0.0  20.7  38.7   18:35     S
 4  13.7  16.2   15:29  12.3   00:00   4.6   0.0   0.0  22.0  35.6   07:01     S
 5  13.7  15.9   15:36  12.3   23:21   4.6   0.0   0.0  25.3  39.8   10:58     S
 6  12.6  15.8   13:33   9.9   23:04   5.7   0.0   0.0  16.9  35.6   03:00   SSE
 7  12.2  15.5   14:06   9.4   04:15   6.1   0.0   0.0  13.4  19.9   12:58   SSE
 8  13.1  16.2   13:58  11.1   05:53   5.2   0.0   0.0  14.1  23.3   10:35     S
 9  11.8  17.0   16:04   7.1   23:15   6.5   0.0   0.0   6.0  13.6   00:30     S
10  10.5  15.2   16:18   5.1   05:13   7.8   0.0   0.0   9.5  19.5   12:59   SSE
11  11.6  14.8   14:18   9.2   04:46   6.7   0.0   0.0   8.3  16.3   23:10    SE
12  11.3  12.9   13:29  10.1   00:44   7.0   0.0   0.0  13.3  27.7   07:30   SSE
13  11.4  13.1   14:08  10.5   06:58   6.9   0.0   0.0  17.9  29.5   19:26    SE
14  11.0  11.6   00:05  10.4   18:13   7.3   0.0   0.0  26.2  37.4   15:26    SE
15  10.3  11.0   02:50  10.0   10:10   8.0   0.0   0.0  30.5  35.6   10:15   ESE
16  10.1  10.1   00:00  10.1   00:00   8.2   0.0   0.0  34.4  34.4   00:00   ESE
17  10.3  12.1   18:52  10.1   00:00   7.9   0.0   0.0  29.4  34.4   00:00    SE
18  11.0  13.9   14:44   9.2   05:56   6.7   0.0   0.0   8.8  18.6   01:50   WNW
19  10.8  13.4   13:51   6.5   23:48   7.5   0.0   0.0   5.0  11.0   04:13     N
20   9.3  14.0   13:00   5.1   07:47   9.0   0.0   0.0   3.6   7.6   15:19   SSW
21  11.2  13.3   14:49  10.3   00:13   7.1   0.0   0.0  10.3  22.1   21:28     S
22  10.9  13.2   12:31   9.3   23:58   7.4   0.0   0.0  12.9  26.4   04:14     S
23   8.1  11.3   13:20   5.0   05:03  10.2   0.0   0.0   4.7  27.1   22:20     E
24   9.4  13.3   16:11   7.0   20:50   8.9   0.0   0.0   7.1  17.4   01:23    SE
25   8.6  11.4   13:04   4.6   01:28   9.7   0.0   0.0  10.2  27.7   22:43    SW
26  11.0  12.4   11:56  10.3   00:15   7.3   0.0   4.3  18.4  36.2   15:08   WSW
27  11.3  13.5   15:07   9.1   23:57   7.0   0.0   0.0  19.6  42.3   23:42     W
28   9.6  11.0   13:47   7.8   08:23   8.7   0.0   0.0  24.1  50.3   11:28    NW
29  10.9  12.5   15:58   9.9   04:07   7.4   0.0   0.0   7.3  22.1   00:29   WSW
30  11.8  13.0   13:25  10.7   07:02   6.8   0.0   0.0   2.4  11.0   04:18    SW
31   9.5  12.1   02:00   6.0   19:20   8.8   0.0   7.4   5.4  19.9   22:39   NNW
----------------------------------------------------------------------------------
    10.9  17.0     9     4.1     2   228.4   0.0  11.7  14.1  50.3    28     SSE

Max >=  27.0:  0
Max <=   0.0:  0
Min <=   0.0:  0
Min <= -18.0:  0
Max Rain: 7.4 on day 31
Days of Rain: 2 (>= 0.2 mm)  2 (>= 2.0 mm)  0 (>= 20.0 mm)
Heat Base: 18.3  Cool Base: 18.3  Method: Integration
:Home::now::gauges::today::yesterday::this month::this year::records::monthly records::reports::trends::forum:


Page updated 09/04/2015 12:35:00
powered by Cumulus v1.9.4 (1099)