Holm, Orkney weather

 Latitude N 59° 29' 09"    Longitude E 03° 29' 02"    Elevation 33 ft

NOAA Style Reports for xulih weather

Select a Year or Month report

Report for 2016 Sep
                   Monthly Climatological Summary for Sep 2016

Name: xulih weather   City: Holm   State: Orkney
Elevation: 33 ft  Lat: N 58 53' 54"   Lon: W 002 53' 31"

                  Temperature (C), Rain (mm), Wind Speed (mph)

                                      Heat  Cool        Avg
    Mean                              Deg   Deg         Wind                 Dom
Day Temp  High   Time   Low    Time   Days  Days  Rain  Speed High   Time    Dir
----------------------------------------------------------------------------------
 1  14.3  15.9   14:27  12.8   06:26   4.0   0.0   0.0  11.7  26.4   02:21   WSW
 2  14.6  18.0   15:36  13.3   02:21   3.7   0.0   0.0   8.5  21.0   15:04     W
 3  15.1  19.5   15:44  11.8   06:05   3.3   0.1   0.0   6.6  15.4   00:33   SSW
 4  15.3  20.0   13:57  12.3   00:34   3.2   0.1   0.0   7.9  15.2   22:25    SE
 5  15.1  18.4   15:12  13.6   00:45   3.2   0.0   0.0  14.6  37.6   10:45     S
 6  15.9  19.1   13:22  13.7   22:10   2.5   0.0   0.0  12.3  29.8   14:33     W
 7  14.3  17.6   12:48  11.7   05:16   4.0   0.0   0.0   6.0  15.2   09:54    SE
 8  14.7  15.6   13:24  13.0   23:41   3.6   0.0   0.0  14.3  32.4   09:19     S
 9  14.3  16.5   16:39  12.2   05:42   4.0   0.0   0.0  15.4  41.2   19:40     S
10  14.7  20.2   15:25  11.6   05:52   3.7   0.1   0.0  13.1  32.9   00:07    SW
11  13.6  16.0   11:37  11.2   06:48   4.7   0.0   0.0  17.1  38.9   18:40   SSW
12  15.2  18.1   14:28  13.5   22:31   3.1   0.0   0.0  17.5  37.8   02:31     S
13  13.6  15.5   15:19  12.1   09:31   4.7   0.0   0.0   4.4  17.2   09:22   NNE
14  13.4  15.7   13:36  12.1   06:09   4.9   0.0   0.0   7.4  25.5   17:10   ENE
15  14.2  15.7   13:38  13.3   06:08   4.1   0.0   0.0   8.7  17.0   16:23   SSE
16  13.5  16.3   15:38  10.1   21:27   4.8   0.0   0.0   6.7  16.8   12:06    NW
17  13.3  17.2   14:23   8.8   03:40   5.0   0.0   0.0   6.8  16.8   14:52     S
18  14.8  19.2   14:00  12.8   04:15   3.6   0.0   0.0   6.9  21.9   08:26     S
19  14.6  17.7   18:01  12.4   05:39   3.6   0.0   0.0   7.8  20.4   04:39     W
20  14.9  18.4   16:51  12.8   23:56   3.4   0.0   0.0   8.9  17.2   19:09     S
21  14.2  17.4   14:15  11.9   01:55   4.1   0.0   0.0  15.2  30.9   16:12     S
22  13.7  17.6   16:32  11.4   06:13   4.6   0.0   0.0   6.6  26.2   21:54     S
23  12.8  15.6   13:01  10.3   06:55   5.5   0.0   0.0  16.1  36.9   19:55   SSW
24  14.4  16.4   14:02  13.3   00:00   3.9   0.0   0.0  18.8  37.4   10:08     S
25  14.3  18.2   15:15  11.2   23:55   4.0   0.0   0.0  13.9  28.6   10:56   SSW
26  12.8  17.3   16:49   9.8   06:50   5.5   0.0   0.0  12.5  22.8   10:26    SW
27  13.0  15.5   13:49  11.5   01:41   5.3   0.0   0.0  22.1  41.2   10:12   WSW
28  12.5  14.3   22:40  11.3   08:55   5.8   0.0   0.0  17.4  45.0   01:34     W
29  10.7  13.8   00:08   7.7   20:42   7.6   0.0   0.0  25.6  56.8   06:22   WNW
30   9.7  12.5   14:06   6.1   23:59   8.6   0.0   0.0  14.6  29.8   10:16   WNW
----------------------------------------------------------------------------------
    13.9  20.2    10     6.1    30   132.0   0.3   0.0  12.2  56.8    29      SW

Max >=  27.0:  0
Max <=   0.0:  0
Min <=   0.0:  0
Min <= -18.0:  0
Max Rain: 0.0 on day 0
Days of Rain: 0 (>= 0.2 mm)  0 (>= 2.0 mm)  0 (>= 20.0 mm)
Heat Base: 18.3  Cool Base: 18.3  Method: Integration
:Home::now::gauges::today::yesterday::this month::this year::records::monthly records::reports::trends::forum:


Page updated 09/04/2015 12:35:00
powered by Cumulus v1.9.4 (1099)