Holm, Orkney weather

 Latitude N 59° 29' 09"    Longitude E 03° 29' 02"    Elevation 33 ft

NOAA Style Reports for xulih weather

Select a Year or Month report

Report for 2016 Aug
                   Monthly Climatological Summary for Aug 2016

Name: xulih weather   City: Holm   State: Orkney
Elevation: 33 ft  Lat: N 58 53' 54"   Lon: W 002 53' 31"

                  Temperature (C), Rain (mm), Wind Speed (mph)

                                      Heat  Cool        Avg
    Mean                              Deg   Deg         Wind                 Dom
Day Temp  High   Time   Low    Time   Days  Days  Rain  Speed High   Time    Dir
----------------------------------------------------------------------------------
 1  12.3  14.9   13:00   9.6   23:59   6.0   0.0   0.0  11.9  23.5   13:19    NW
 2  14.1  20.1   15:39   8.9   00:22   4.4   0.2   0.0   8.4  22.6   23:55   SSE
 3  14.9  18.6   13:16  13.3   01:26   3.4   0.0   0.0  10.2  25.3   00:04    SE
 4  13.7  16.2   18:13  11.7   23:54   4.6   0.0   0.0   7.2  19.2   13:31   NNE
 5  13.6  17.1   16:57  11.1   01:50   4.7   0.0   0.0   3.6   8.1   00:47     W
 6  13.9  19.1   14:07   8.9   04:38   4.4   0.0   0.0   8.1  23.7   20:09   SSW
 7  14.7  16.6   19:27  12.3   23:57   3.6   0.0   0.0  18.1  32.9   15:07   WSW
 8  11.3  13.3   14:23   9.4   22:51   7.0   0.0   0.0  27.0  45.9   05:13    NW
 9  10.1  13.6   16:08   7.1   23:58   8.2   0.0   0.0  12.8  26.8   00:03   NNW
10  11.0  16.2   13:04   4.9   05:42   7.3   0.0   0.0   7.0  16.3   17:53   SSW
11  13.7  15.7   14:03  12.4   00:00   4.6   0.0   0.0   6.9  22.1   20:17   WSW
12  14.5  15.9   11:21  13.4   23:48   3.8   0.0  15.0  11.7  38.5   12:22   WNW
13  13.3  15.0   13:53  12.5   02:26   5.0   0.0   0.0  11.9  26.4   09:18    NW
14  13.6  16.6   15:19  12.5   00:00   4.7   0.0   0.0   9.8  21.5   08:09    NW
15  15.7  19.9   16:49  12.9   04:31   2.9   0.2   0.0   9.0  17.9   17:24   SSE
16  15.9  20.2   16:49  12.6   04:21   2.7   0.3   0.0  11.5  20.4   17:47   SSE
17  16.1  20.1   17:21  13.5   03:35   2.5   0.3   0.0  14.5  32.0   08:49   SSE
18  15.5  18.9   16:33  13.5   02:20   2.8   0.0   0.0  11.6  21.9   22:59    SE
19  14.7  17.6   17:57  13.6   02:10   3.6   0.0   0.0  17.7  26.2   20:01    SE
20  14.7  17.2   17:39  13.2   23:00   3.6   0.0   0.0  15.3  32.7   07:26   ESE
21  14.6  17.0   16:00  12.8   06:13   3.7   0.0   0.0   5.1  10.5   12:25   ENE
22  14.4  20.1   17:37  11.7   23:30   3.9   0.0   0.0   5.3  14.5   19:42   SSW
23  13.4  17.0   14:56   9.4   04:20   4.9   0.0   0.0   5.4  16.3   15:52    SE
24  15.6  19.8   18:15  13.2   05:35   2.8   0.1   0.0   5.6  16.6   09:26    NW
25  14.9  18.4   15:17  12.7   06:16   3.4   0.0   0.0   9.6  17.7   18:38   SSE
26  14.5  17.4   14:00  13.0   05:29   3.8   0.0   0.0   9.6  18.6   02:19    SW
27  14.5  18.5   12:42  11.4   05:54   3.8   0.0   0.0   6.1  12.5   03:50   SSW
28  15.6  21.4   14:58  11.9   23:58   2.9   0.2   0.0   4.1   8.7   00:30    SE
29  14.5  19.8   15:00  10.6   05:39   3.9   0.1   0.0   8.4  22.6   19:12   WSW
30  17.3  22.7   13:48  14.4   05:27   1.7   0.8   0.0   8.4  19.2   07:01    SW
31  15.5  18.4   13:25  13.5   22:58   2.8   0.0   0.0  13.1  25.1   02:35   WSW
----------------------------------------------------------------------------------
    14.3  22.7    30     4.9    10   127.4   2.2  15.0  10.2  45.9     8      SW

Max >=  27.0:  0
Max <=   0.0:  0
Min <=   0.0:  0
Min <= -18.0:  0
Max Rain: 15.0 on day 12
Days of Rain: 1 (>= 0.2 mm)  1 (>= 2.0 mm)  0 (>= 20.0 mm)
Heat Base: 18.3  Cool Base: 18.3  Method: Integration
:Home::now::gauges::today::yesterday::this month::this year::records::monthly records::reports::trends::forum:


Page updated 09/04/2015 12:35:00
powered by Cumulus v1.9.4 (1099)