Holm, Orkney weather

 Latitude N 59° 29' 09"    Longitude E 03° 29' 02"    Elevation 33 ft

NOAA Style Reports for xulih weather

Select a Year or Month report

Report for 2016 Jul
                   Monthly Climatological Summary for Jul 2016

Name: xulih weather   City: Holm   State: Orkney
Elevation: 33 ft  Lat: N 58 53' 54"   Lon: W 002 53' 31"

                  Temperature (C), Rain (mm), Wind Speed (mph)

                                      Heat  Cool        Avg
    Mean                              Deg   Deg         Wind                 Dom
Day Temp  High   Time   Low    Time   Days  Days  Rain  Speed High   Time    Dir
----------------------------------------------------------------------------------
 1  13.1  17.1   14:51  10.3   23:57   5.2   0.0   1.0   6.2  13.0   09:38     W
 2  13.3  17.7   15:35   9.6   04:59   5.0   0.0   0.0   7.3  15.7   11:41   WNW
 3  13.5  16.7   16:03  11.1   03:26   4.8   0.0   0.0  10.5  22.1   14:15   WNW
 4  14.2  20.5   19:17  11.2   00:30   4.2   0.1   2.3   6.1  14.8   04:35     W
 5  13.5  17.9   19:05   9.5   04:49   4.8   0.0   0.0   4.0  11.4   19:36   NNW
 6  14.2  21.1   16:03   8.6   03:00   4.3   0.1   0.0   6.2  14.8   09:36   WSW
 7  15.1  20.1   14:24  12.7   04:42   3.3   0.1   0.0   8.7  21.0   03:03   WSW
 8  13.6  17.1   13:26   9.0   23:16   4.7   0.0   0.0  11.6  27.1   17:33   WNW
 9  11.7  15.6   10:58   6.5   02:58   6.6   0.0   0.0  10.0  23.7   17:35    SE
10  14.7  17.4   13:01  12.2   04:33   3.5   0.0   0.0   5.0  13.2   11:49     W
11  13.8  15.9   10:50  11.0   23:43   4.5   0.0   0.0  10.1  24.4   17:51    NW
12  13.7  16.5   16:21  11.0   04:19   4.6   0.0   0.0  14.4  22.8   12:48    NW
13  14.3  17.9   17:44  10.7   23:21   4.0   0.0   0.0   9.2  18.1   13:29    NW
14  12.6  15.0   15:31   9.3   23:47   5.7   0.0   0.0   7.5  15.4   12:24   NNW
15  13.5  16.1   11:51   8.9   00:08   4.8   0.0   0.0  11.4  30.2   23:56   SSW
16  12.9  14.8   12:16  12.1   07:28   5.4   0.0   0.0  18.2  37.1   08:09   WNW
17  13.7  16.6   12:56  11.6   04:13   4.6   0.0   0.0   9.5  20.8   00:03   WNW
18  13.8  15.9   13:06  11.4   01:16   4.5   0.0   0.0   5.1   8.5   01:06   SSW
19  18.1  23.2   16:37  14.4   00:00   1.6   1.4   0.0   4.9  13.9   19:16    SE
20  15.8  19.8   18:53  14.4   23:44   2.6   0.0   0.0   8.8  24.2   12:42   SSE
21  16.4  22.4   18:02  13.4   04:41   2.4   0.6   0.0   8.5  19.9   23:30     W
22  16.0  19.6   18:04  13.7   04:10   2.4   0.1   0.0   9.0  22.6   03:58   SSE
23  15.7  19.7   16:16  13.5   23:56   2.6   0.0   0.0   5.1  13.6   14:49   SSE
24  15.0  18.7   12:19  13.5   00:00   3.3   0.0   0.0   5.2  10.3   13:28    SE
25  14.6  16.7   12:54  12.9   23:25   3.7   0.0   0.0  10.3  19.5   09:03   WNW
26  14.3  17.5   12:16  12.7   23:27   4.0   0.0   0.0   8.3  17.9   10:32     W
27  13.5  16.2   13:43  11.6   04:21   4.8   0.0   0.0  11.1  23.3   14:39   WNW
28  13.1  15.0   17:47  12.1   04:10   5.2   0.0   0.0  12.9  25.1   06:17   WNW
29  13.2  16.2   12:37  11.1   05:28   5.1   0.0   0.0  12.3  25.7   16:04    NW
30  12.7  15.8   14:50  11.0   05:30   5.6   0.0   0.0  11.9  24.2   14:56    NW
31  12.7  15.1   13:45  11.5   05:00   5.6   0.0   0.0  13.2  24.2   16:29    NW
----------------------------------------------------------------------------------
    14.1  23.2    19     6.5     9   133.4   2.4   3.3   9.1  37.1    16       W

Max >=  27.0:  0
Max <=   0.0:  0
Min <=   0.0:  0
Min <= -18.0:  0
Max Rain: 2.3 on day 4
Days of Rain: 2 (>= 0.2 mm)  1 (>= 2.0 mm)  0 (>= 20.0 mm)
Heat Base: 18.3  Cool Base: 18.3  Method: Integration
:Home::now::gauges::today::yesterday::this month::this year::records::monthly records::reports::trends::forum:


Page updated 09/04/2015 12:35:00
powered by Cumulus v1.9.4 (1099)