Holm, Orkney weather

 Latitude N 59° 29' 09"    Longitude E 03° 29' 02"    Elevation 33 ft

NOAA Style Reports for xulih weather

Select a Year or Month report

Report for 2016 May
                   Monthly Climatological Summary for May 2016

Name: xulih weather   City: Holm   State: Orkney
Elevation: 33 ft  Lat: N 58 53' 54"   Lon: W 002 53' 31"

                  Temperature (C), Rain (mm), Wind Speed (mph)

                                      Heat  Cool        Avg
    Mean                              Deg   Deg         Wind                 Dom
Day Temp  High   Time   Low    Time   Days  Days  Rain  Speed High   Time    Dir
----------------------------------------------------------------------------------
 1   9.1  12.9   15:46   6.4   03:51   9.2   0.0  10.7  16.5  29.8   04:48   SSW
 2   9.0  11.9   15:29   5.8   23:52   9.3   0.0  12.7  15.2  30.9   00:45   WSW
 3   8.1  11.4   17:00   5.3   03:15  10.2   0.0   4.3  19.0  39.1   12:26     W
 4   9.9  14.1   18:06   7.2   00:59   8.4   0.0   2.0  15.2  27.1   12:50   SSW
 5  11.1  15.7   13:19   8.4   22:50   7.2   0.0   0.0  13.7  30.4   13:40    SW
 6  10.6  17.4   13:12   5.0   23:27   7.7   0.0   0.0   5.5  15.2   01:58    SW
 7   8.6  11.5   13:31   4.6   02:08   9.7   0.0   0.0  12.2  28.0   22:48   ENE
 8  10.6  15.8   17:09   8.3   06:10   7.7   0.0   0.0  13.2  30.6   06:33     E
 9  12.6  16.6   18:05   8.7   03:15   5.7   0.0   0.0   9.1  17.4   16:22    SE
10  12.3  17.8   12:16   8.1   03:06   6.0   0.0   0.0   9.2  23.7   21:24   ENE
11  11.2  14.9   13:09   8.1   03:30   7.1   0.0   0.0   6.8  16.6   12:23   ENE
12  10.2  13.8   13:51   7.1   23:27   8.1   0.0   0.0   8.6  19.7   18:18   ENE
13   8.0  11.2   15:03   6.0   22:37  10.3   0.0   0.0   9.7  17.4   11:25   NNE
14   7.7  10.9   16:38   5.1   21:16  10.6   0.0   0.0  10.1  23.3   12:52     N
15   8.6  12.1   15:06   4.3   03:32   9.7   0.0   0.0   9.8  22.6   14:05    NW
16   9.2  11.5   10:06   7.1   00:55   9.1   0.0   2.3  12.5  23.9   07:40    NW
17   9.2  10.8   12:14   7.8   03:36   9.1   0.0   2.0   7.2  17.4   19:00   SSE
18   8.2   9.4   09:52   6.9   21:02  10.1   0.0   0.0  13.8  30.0   13:18   ENE
19   8.1   9.7   11:10   6.7   01:45  10.2   0.0  10.7  17.5  32.2   17:40    SE
20  11.9  17.9   16:03   8.9   00:00   6.4   0.0   0.0   7.3  22.8   12:53    SW
21  11.4  15.3   12:56   9.2   23:51   6.9   0.0  17.0   9.9  23.9   15:57   SSW
22  13.1  19.4   14:56   7.4   04:18   5.2   0.1   0.0   4.4  12.3   14:05   SSW
23  12.1  16.9   13:10   6.5   23:24   6.2   0.0   0.0   5.5  15.4   19:24   NNE
24   9.2  12.4   14:08   5.4   03:53   9.0   0.0   0.0   7.7  17.7   13:52   ENE
25   9.6  11.8   13:20   7.9   02:01   8.7   0.0   0.0  12.3  24.4   15:00   ENE
26  10.4  14.0   16:20   7.9   22:36   7.9   0.0   0.0   6.8  13.2   10:21   ENE
27  12.1  17.1   12:49   8.0   03:40   6.2   0.0   0.0   7.3  15.2   17:35    SE
28  13.2  17.9   17:11   9.2   02:43   5.1   0.0   0.0  10.9  19.0   08:25    SE
29  12.4  15.8   12:34   9.6   23:01   5.9   0.0   0.0   7.0  15.2   02:32   SSE
30  12.2  16.7   16:16   8.6   03:53   6.1   0.0   0.0   4.8  13.2   21:13   NNE
31  10.2  12.4   12:18   8.7   04:30   8.1   0.0   0.0   7.4  17.2   06:35   NNE
----------------------------------------------------------------------------------
    10.3  19.4    22     4.3    15   247.1   0.1  61.7  10.2  39.1     3      SE

Max >=  27.0:  0
Max <=   0.0:  0
Min <=   0.0:  0
Min <= -18.0:  0
Max Rain: 17.0 on day 21
Days of Rain: 8 (>= 0.2 mm)  8 (>= 2.0 mm)  0 (>= 20.0 mm)
Heat Base: 18.3  Cool Base: 18.3  Method: Integration
:Home::now::gauges::today::yesterday::this month::this year::records::monthly records::reports::trends::forum:


Page updated 09/04/2015 12:35:00
powered by Cumulus v1.9.4 (1099)