Holm, Orkney weather

 Latitude N 59° 29' 09"    Longitude E 03° 29' 02"    Elevation 33 ft

NOAA Style Reports for xulih weather

Select a Year or Month report

Report for 2016 Apr
                   Monthly Climatological Summary for Apr 2016

Name: xulih weather   City: Holm   State: Orkney
Elevation: 33 ft  Lat: N 58 53' 54"   Lon: W 002 53' 31"

                  Temperature (C), Rain (mm), Wind Speed (mph)

                                      Heat  Cool        Avg
    Mean                              Deg   Deg         Wind                 Dom
Day Temp  High   Time   Low    Time   Days  Days  Rain  Speed High   Time    Dir
----------------------------------------------------------------------------------
 1   7.0   8.1   14:33   5.1   02:35  11.3   0.0   6.4  18.4  38.5   12:50   SSW
 2   8.9  15.0   16:21   5.8   05:15   9.4   0.0   0.0   7.6  13.4   00:04    SW
 3   7.2   7.9   10:27   6.1   23:32  11.1   0.0   6.3  12.5  31.1   13:03   SSE
 4   7.2   8.7   14:40   5.7   03:55  11.1   0.0   8.6   8.4  17.0   10:25    SE
 5   7.4   9.6   14:04   6.1   06:00  10.9   0.0   0.0   8.4  17.0   21:11    NW
 6   8.6  15.6   14:29   4.9   05:44   9.7   0.0   0.0   5.5  13.2   01:12   SSW
 7   7.9  11.1   15:52   4.6   23:38  10.4   0.0   0.0   7.8  19.5   12:20     N
 8   6.8  13.0   14:07   1.6   06:37  11.5   0.0   0.0   7.9  25.5   23:41   SSE
 9   7.4   8.5   14:34   6.8   00:00  10.9   0.0   4.3  22.6  32.2   12:21    SE
10   7.8   9.6   14:49   6.9   03:46  11.0   0.0   4.3  17.7  28.9   01:48     E
11   7.9  10.2   14:59   6.1   01:20  10.3   0.0   0.0  12.8  23.3   09:29     E
12   8.1  10.7   12:57   5.1   04:33  10.2   0.0   0.0  13.2  23.9   16:37     E
13   7.7  10.4   14:39   5.4   23:51  10.6   0.0   0.0  15.1  27.7   08:51   ENE
14   6.4   8.7   11:27   4.9   03:17  11.4   0.0   0.0   6.5  16.1   00:20   NNW
15   4.1   7.1   16:35   2.0   06:31  14.2   0.0  10.7   9.3  20.1   19:28     N
16   3.7   7.4   17:33   1.2   06:42  14.6   0.0  10.7   9.7  25.7   12:01     N
17   6.7   9.7   14:05   1.2   00:28  12.1   0.0   0.0  18.3  36.2   14:46     W
18   6.9   9.5   14:07   4.7   07:02  11.0   0.0   4.3  31.1  50.1   06:58    NW
19   7.5  11.7   18:32   4.8   06:46  10.8   0.0   0.0  12.6  32.2   00:10   NNW
20   8.6  11.6   12:21   6.7   04:12   9.7   0.0   0.0  11.8  25.7   15:16     W
21   8.6  11.4   14:58   4.3   22:15   9.7   0.0   0.0  12.3  30.4   12:07    NW
22   5.8   9.8   17:11   2.3   22:18  12.5   0.0   0.0   5.2  15.4   11:01   NNE
23   3.8   6.5   14:37   1.7   06:20  14.5   0.0   0.0  10.3  23.5   12:27     N
24   4.8   9.3   14:12  -0.8   03:48  14.0   0.0   2.0  11.7  32.4   12:02   NNW
25   3.3   6.8   12:59   0.5   05:52  15.0   0.0   6.6  16.2  43.6   11:48     N
26   4.1   8.5   16:57   1.5   00:05  14.2   0.0   8.6  11.6  33.1   09:01    NE
27   3.8   8.8   14:55   1.3   03:52  14.5   0.0  12.7   8.5  22.1   17:37     N
28   5.9  12.8   14:35   0.1   04:38  12.4   0.0   0.0   5.1  13.2   17:10    SE
29   6.7  11.3   14:27   2.5   03:33  11.6   0.0   0.0   8.1  19.9   09:48    NE
30   7.2  14.2   14:23   1.8   02:33  11.1   0.0   2.3   7.3  22.1   16:34    SW
----------------------------------------------------------------------------------
     6.6  15.6     6    -0.8    24   351.7   0.0  87.8  11.8  50.1    18     NNE

Max >=  27.0:  0
Max <=   0.0:  0
Min <=   0.0:  1
Min <= -18.0:  0
Max Rain: 12.7 on day 27
Days of Rain: 13 (>= 0.2 mm)  13 (>= 2.0 mm)  0 (>= 20.0 mm)
Heat Base: 18.3  Cool Base: 18.3  Method: Integration
:Home::now::gauges::today::yesterday::this month::this year::records::monthly records::reports::trends::forum:


Page updated 09/04/2015 12:35:00
powered by Cumulus v1.9.4 (1099)