Holm, Orkney weather
Latitude N 59° 29' 09" Longitude W 02° 53' 30" Elevation 33 ft
NOAA Style Reports for xulih weather
Select a Year or Month report
Report for 2016 Mar Monthly Climatological Summary for Mar 2016 Name: xulih weather City: Holm State: Orkney Elevation: 33 ft Lat: N 58° 53' 54" Lon: W 002° 53' 31" Temperature (°C), Rain (mm), Wind Speed (mph) Heat Cool Avg Mean Deg Deg Wind Dom Day Temp High Time Low Time Days Days Rain Speed High Time Dir ---------------------------------------------------------------------------------- 1 5.6 7.7 12:37 2.1 23:21 12.7 0.0 0.0 17.3 36.7 19:34 W 2 2.5 4.7 16:39 1.3 20:53 15.8 0.0 0.0 10.8 27.3 00:12 WSW 3 4.8 7.0 14:09 2.8 00:00 13.5 0.0 0.0 7.0 18.8 12:29 N 4 5.0 7.5 12:18 3.3 23:20 13.3 0.0 0.0 10.5 27.7 15:36 NE 5 3.1 6.1 13:58 1.4 22:33 15.2 0.0 0.0 8.4 28.4 00:25 NNE 6 1.5 5.1 14:34 -1.2 06:34 16.8 0.0 0.0 5.7 17.4 14:49 N 7 3.4 6.7 13:41 0.5 01:34 14.9 0.0 0.0 7.2 13.2 10:48 NW 8 5.0 8.3 14:01 2.9 02:26 13.3 0.0 0.0 12.8 28.0 13:16 WSW 9 4.2 8.4 12:23 1.2 23:24 14.1 0.0 0.0 2.7 11.0 12:51 NNW 10 5.1 10.5 14:27 -0.3 06:44 13.2 0.0 0.0 7.1 20.8 16:20 S 11 7.4 9.6 13:07 5.8 01:04 10.9 0.0 0.0 10.6 19.9 03:51 SSW 12 8.6 9.5 12:16 7.4 00:00 9.7 0.0 0.0 9.7 24.6 03:34 SSW 13 9.9 12.9 13:14 7.9 01:08 8.4 0.0 0.0 2.3 8.5 07:17 SSE 14 9.1 11.7 14:53 6.5 23:27 9.2 0.0 0.0 3.8 11.0 14:08 ESE 15 8.0 11.7 15:02 6.0 02:41 10.3 0.0 0.0 6.6 13.2 16:33 ESE 16 7.8 11.4 13:08 3.5 05:26 10.5 0.0 0.0 6.2 15.4 12:54 ESE 17 7.3 9.5 14:14 5.6 00:00 11.0 0.0 0.0 3.7 10.7 05:28 SSE 18 7.0 9.1 13:18 5.2 05:55 11.3 0.0 0.0 4.1 9.8 14:04 N 19 7.4 9.9 15:24 5.7 06:52 10.9 0.0 0.0 14.2 22.1 16:39 NW 20 8.0 9.4 11:08 7.2 20:56 10.3 0.0 0.0 16.1 25.9 23:55 NW 21 8.3 10.3 12:33 6.8 05:32 10.0 0.0 0.0 17.5 32.0 05:28 NW 22 8.3 9.9 16:43 7.5 23:32 10.0 0.0 26.7 14.1 26.4 01:53 NW 23 8.1 10.1 11:01 5.6 23:17 10.2 0.0 0.0 5.3 13.2 15:15 SW 24 7.5 10.8 14:05 5.3 22:59 10.8 0.0 0.0 15.1 29.3 08:51 WSW 25 7.4 10.0 12:15 3.7 03:27 10.9 0.0 2.0 18.2 34.2 03:16 SW 26 8.6 10.3 11:01 7.3 23:32 9.7 0.0 4.3 17.9 36.0 21:02 S 27 6.6 10.6 16:56 5.0 11:40 11.2 0.0 4.3 22.1 58.8 08:08 WSW 28 6.9 11.2 12:57 4.0 21:45 11.4 0.0 2.3 6.2 13.2 05:15 SE 29 6.4 9.8 17:29 3.1 06:57 11.9 0.0 0.0 7.7 19.0 00:45 ENE 30 5.4 9.2 12:23 1.0 23:55 12.9 0.0 0.0 6.2 17.0 10:38 N 31 5.1 11.2 17:36 -1.0 06:58 13.2 0.0 0.0 8.3 23.0 15:16 SSW ---------------------------------------------------------------------------------- 6.4 12.9 13 -1.2 6 367.5 0.0 39.6 9.8 58.8 27 W Max >= 27.0: 0 Max <= 0.0: 0 Min <= 0.0: 3 Min <= -18.0: 0 Max Rain: 26.7 on day 22 Days of Rain: 5 (>= 0.2 mm) 5 (>= 2.0 mm) 1 (>= 20.0 mm) Heat Base: 18.3 Cool Base: 18.3 Method: Integration |
||
:Home::now::gauges::today: :yesterday::this month::this year::records::monthly records::reports::trends::forum: |
Page updated 09/04/2015 12:35:00
powered by
Cumulus
v1.9.4 (1099)