Holm, Orkney weather

 Latitude N 59° 29' 09"    Longitude E 03° 29' 02"    Elevation 33 ft

NOAA Style Reports for xulih weather

Select a Year or Month report

Report for 2016 Feb
                   Monthly Climatological Summary for Feb 2016

Name: xulih weather   City: Holm   State: Orkney
Elevation: 33 ft  Lat: N 58 53' 54"   Lon: W 002 53' 31"

                  Temperature (C), Rain (mm), Wind Speed (mph)

                                      Heat  Cool        Avg
    Mean                              Deg   Deg         Wind                 Dom
Day Temp  High   Time   Low    Time   Days  Days  Rain  Speed High   Time    Dir
----------------------------------------------------------------------------------
 1   5.8   8.5   12:04   3.6   00:00  12.5   0.0   8.6  25.7  51.7   14:18   WSW
 2   5.4   7.7   00:40   2.4   23:23  12.9   0.0   4.3  18.1  59.5   01:55    NW
 3   2.2   3.7   13:36   1.3   06:02  16.1   0.0   2.0   9.1  24.6   06:23   NNW
 4   3.6   6.7   23:45   0.6   06:03  14.7   0.0   2.3   7.3  24.6   20:44   SSW
 5   6.6   9.1   11:34   4.1   23:15  11.7   0.0   0.0  13.1  28.4   11:34    SW
 6   4.9   6.4   23:43   2.8   05:32  13.4   0.0   2.3  18.9  33.8   19:37     S
 7   5.7   6.9   01:22   4.9   03:41  12.6   0.0   0.0  14.9  32.0   10:29   SSW
 8   5.1   7.7   13:22   3.3   21:15  13.2   0.0   0.0   7.4  19.7   13:23    NW
 9   5.1   7.5   11:46   3.3   07:28  13.2   0.0   4.1   9.5  25.7   14:59     N
10   4.2   6.0   12:55   2.4   03:30  14.1   0.0   2.3  12.4  28.0   21:46     N
11   4.8   6.2   11:42   3.7   18:01  13.5   0.0   0.0  16.9  32.2   23:31     E
12   4.2   5.3   10:33   2.9   19:01  14.1   0.0   0.0  21.7  36.9   07:19   ESE
13   2.4   5.3   13:39   0.1   22:54  15.9   0.0   0.0   7.9  26.2   21:13   ENE
14   1.9   4.7   13:05   0.1   01:38  16.4   0.0   2.0   9.8  29.1   12:45    NE
15   2.2   4.1   14:59   0.1   04:42  16.1   0.0   0.0   6.9  21.9   23:39   WNW
16   5.4   7.5   19:00   2.9   00:00  12.9   0.0  23.4  26.9  49.4   13:21    SW
17   4.6   6.0   14:34   2.5   23:52  13.7   0.0   0.0  11.6  26.4   00:23    SW
18   4.0   7.4   13:32   2.0   04:31  14.3   0.0   2.0  10.0  21.9   16:31   WSW
19   4.1   6.5   18:48   1.9   06:56  14.2   0.0  15.0  18.3  45.4   14:31    SW
20   3.0   5.0   23:22   1.0   08:25  15.3   0.0  14.0  22.3  48.3   23:55   WNW
21   3.6   5.3   11:23   2.0   07:49  14.7   0.0   7.6  24.5  45.6   11:34   WNW
22   3.9   6.8   13:27   1.8   23:44  14.4   0.0   8.6  15.8  36.5   02:44   NNW
23   2.0   4.1   11:58   0.3   22:42  16.3   0.0   2.0  11.4  28.6   15:38     N
24   1.0   3.8   15:55  -0.7   06:37  17.3   0.0   0.0   8.0  23.3   11:32   NNW
25   1.8   4.4   13:28  -0.3   00:27  16.5   0.0   2.3   6.6  18.8   09:05   NNW
26   2.6   7.9   13:43  -1.5   06:12  15.7   0.0   0.0   2.3   8.7   00:03     S
27   3.2   7.8   14:09  -0.1   00:38  15.1   0.0   0.0   2.5  13.2   14:21    NW
28   5.1   8.7   12:40   3.3   22:14  13.2   0.0   0.0   9.2  22.8   12:57   WNW
29   5.3   6.5   12:52   3.4   00:00  13.0   0.0   0.0  16.7  32.4   11:48    SW
----------------------------------------------------------------------------------
     3.9   9.1     5    -1.5    26   417.0   0.0 102.8  13.3  59.5     2       W

Max >=  27.0:  0
Max <=   0.0:  0
Min <=   0.0:  4
Min <= -18.0:  0
Max Rain: 23.4 on day 16
Days of Rain: 16 (>= 0.2 mm)  16 (>= 2.0 mm)  1 (>= 20.0 mm)
Heat Base: 18.3  Cool Base: 18.3  Method: Integration
:Home::now::gauges::today::yesterday::this month::this year::records::monthly records::reports::trends::forum:


Page updated 09/04/2015 12:35:00
powered by Cumulus v1.9.4 (1099)