Holm, Orkney weather

 Latitude N 59° 29' 09"    Longitude E 03° 29' 02"    Elevation 33 ft

NOAA Style Reports for xulih weather

Select a Year or Month report

Report for 2016 Jan
                   Monthly Climatological Summary for Jan 2016

Name: xulih weather   City: Holm   State: Orkney
Elevation: 33 ft  Lat: N 58 53' 54"   Lon: W 002 53' 31"

                  Temperature (C), Rain (mm), Wind Speed (mph)

                                      Heat  Cool        Avg
    Mean                              Deg   Deg         Wind                 Dom
Day Temp  High   Time   Low    Time   Days  Days  Rain  Speed High   Time    Dir
----------------------------------------------------------------------------------
 1   5.3   7.5   23:49   3.7   08:46  13.0   0.0   0.0  27.4  36.9   17:45   WSW
 2   7.6   8.2   06:30   6.7   23:28  10.7   0.0   6.3  33.2  50.6   20:38     S
 3   5.5   6.8   00:00   4.3   15:38  12.7   0.0   4.3  36.3  55.5   19:55   SSE
 4   5.1   5.8   00:22   4.4   23:37  13.2   0.0   1.3  31.2  46.5   00:49    SE
 5   4.7   5.1   22:07   4.0   13:03  13.6   0.0   2.0  24.3  36.7   01:18   SSE
 6   5.2   5.6   13:31   5.0   00:53  13.1   0.0   2.3  28.7  45.4   23:17     S
 7   5.1   5.5   00:16   4.6   23:49  13.2   0.0  16.0  34.7  50.6   07:24   SSE
 8   4.9   5.5   11:00   3.9   17:36  13.4   0.0  15.0  23.7  38.3   00:01   SSE
 9   4.6   5.8   20:20   3.6   04:35  13.7   0.0   8.6  22.5  42.1   23:11   ESE
10   4.1   5.4   17:28   2.8   04:38  14.2   0.0  35.8  25.9  58.6   02:06   ESE
11   5.4   6.8   14:43   3.4   22:10  12.9   0.0   3.3  12.4  24.6   12:39   SSW
12   3.8   5.3   11:59   1.9   07:58  14.5   0.0   0.0   4.7  19.0   22:09   NNE
13   3.0   4.4   00:03   1.6   19:47  15.3   0.0   2.0  13.3  27.7   11:17   NNW
14   1.6   3.1   12:38   0.5   19:24  16.7   0.0   2.3   8.2  24.4   23:57     N
15   2.5   4.3   12:59   0.5   22:33  15.8   0.0   8.4  10.0  25.7   08:22    NE
16   0.9   3.1   13:34  -1.4   07:56  17.4   0.0   0.0   3.2  12.3   00:44     E
17   3.2   5.4   12:50   0.3   23:54  15.1   0.0   0.0   9.6  23.5   11:45   SSW
18   1.4   4.0   12:12  -0.7   06:20  16.9   0.0   0.0   4.8  16.1   11:07   ENE
19   1.2   2.5   13:50  -0.8   01:07  17.1   0.0   0.0   2.2  10.5   22:09     N
20   1.4   4.9   13:32  -2.3   09:23  16.9   0.0   0.0   5.1  25.9   23:29   SSW
21   5.3   6.6   23:57   4.1   04:00  13.0   0.0   2.3  21.9  37.8   23:03     S
22   7.2   8.6   15:15   6.5   23:12  11.1   0.0   2.0  23.5  46.3   06:02     S
23   7.5   9.4   13:48   6.2   23:13  10.7   0.0   0.0  13.8  30.6   05:18    SW
24   8.3  10.0   17:16   6.3   00:00  10.0   0.0   2.3   9.3  22.6   23:44     S
25   8.6  10.6   04:51   5.3   23:26   9.7   0.0   4.3  19.5  41.8   19:41    SW
26   7.1  10.1   16:33   4.7   02:53  11.2   0.0   8.4  22.0  50.3   09:17    SW
27   4.5   5.9   15:01   2.4   17:04  13.8   0.0   8.6  10.1  31.8   20:45   WNW
28   5.3   7.6   22:56   3.4   03:24  13.0   0.0   2.3  20.5  41.6   01:16   WSW
29   5.5   8.5   06:54   1.0   22:50  12.8   0.0  15.0  30.0  64.0   11:10     W
30   3.0   5.8   13:53   0.5   01:03  15.3   0.0   6.4  26.8  67.6   02:08     W
31   2.5   3.7   00:35   1.2   09:51  15.8   0.0   4.3   8.8  30.9   02:36     W
----------------------------------------------------------------------------------
     4.6  10.6    25    -2.3    20   425.8   0.0 163.5  18.3  67.6    30       S

Max >=  27.0:  0
Max <=   0.0:  0
Min <=   0.0:  4
Min <= -18.0:  0
Max Rain: 35.8 on day 10
Days of Rain: 23 (>= 0.2 mm)  22 (>= 2.0 mm)  1 (>= 20.0 mm)
Heat Base: 18.3  Cool Base: 18.3  Method: Integration
:Home::now::gauges::today::yesterday::this month::this year::records::monthly records::reports::trends::forum:


Page updated 09/04/2015 12:35:00
powered by Cumulus v1.9.4 (1099)