Holm, Orkney weather

 Latitude N 59° 29' 09"    Longitude E 03° 29' 02"    Elevation 33 ft

NOAA Style Reports for xulih weather

Select a Year or Month report

Report for 2015 Dec
                   Monthly Climatological Summary for Dec 2015

Name: xulih weather   City: Holm   State: Orkney
Elevation: 33 ft  Lat: N 58 53' 54"   Lon: W 002 53' 31"

                  Temperature (C), Rain (mm), Wind Speed (mph)

                                      Heat  Cool        Avg
    Mean                              Deg   Deg         Wind                 Dom
Day Temp  High   Time   Low    Time   Days  Days  Rain  Speed High   Time    Dir
----------------------------------------------------------------------------------
 1   5.4  10.3   23:52   0.9   07:03  12.9   0.0  21.1  15.8  37.8   14:54   SSW
 2   8.0  10.7   03:57   4.6   21:20  10.3   0.0   2.3  21.6  38.3   03:11     W
 3   5.3   6.4   12:45   4.1   03:50  13.0   0.0   0.0  12.4  23.5   07:09    SW
 4   7.4  10.1   22:18   4.8   00:00  10.9   0.0  23.1  22.1  43.2   16:10   WSW
 5   7.2  10.1   00:05   5.4   22:05  11.1   0.0   3.3  22.1  46.8   03:53     W
 6   5.8   7.7   15:36   2.7   22:58  12.5   0.0   2.0  22.6  52.6   13:46   WNW
 7   7.1  10.4   23:53   2.1   01:29  11.2   0.0   0.0  19.5  45.9   14:39     S
 8   9.2  10.9   12:05   5.6   23:27   9.1   0.0   2.0  21.0  32.0   22:06    SW
 9   7.3   9.9   18:37   4.9   02:01  11.0   0.0   7.6  22.7  51.4   19:00   WSW
10   4.9   7.0   00:32   3.2   06:25  13.4   0.0   8.4  25.4  47.4   04:14     W
11   3.9   4.9   11:24   1.6   21:02  14.4   0.0   2.0  12.5  35.3   01:40     W
12   2.4   3.9   13:27   0.5   09:59  15.9   0.0   1.0   3.1  14.8   02:00   NNW
13   2.9   4.4   10:55   1.1   04:00  15.4   0.0   4.3   3.5  17.4   11:09   WNW
14   4.2   6.1   23:44   1.6   05:19  14.1   0.0   0.0   5.4  16.1   21:48   ESE
15   7.7   8.9   23:21   6.1   00:00  10.6   0.0   0.0  19.0  34.0   22:50   SSE
16   9.1   9.9   12:59   8.0   18:47   9.2   0.0   4.3  15.4  35.3   03:25     S
17  10.0  11.8   11:33   9.2   00:00   8.3   0.0   0.0  10.2  22.8   19:18    SW
18   9.7  10.3   11:34   9.0   03:11   8.6   0.0   2.0  12.3  25.5   03:42   WSW
19  10.3  10.9   05:36   8.5   23:54   8.0   0.0   0.0  15.5  33.8   08:15   SSW
20   8.5   9.4   11:53   7.8   16:24   9.8   0.0   0.0  17.8  31.8   23:50    SW
21   7.5   9.0   00:00   5.7   16:32  10.8   0.0   4.3  23.3  42.3   01:01     W
22   7.5   8.8   08:03   6.3   00:48  10.8   0.0   4.3  22.4  45.0   05:55    SW
23   6.1   8.3   23:49   4.4   11:50  12.2   0.0   8.6  26.7  51.9   09:18   WSW
24   6.5   9.5   03:57   4.3   20:30  11.8   0.0   6.3  19.2  39.8   01:03   WSW
25   4.0   5.5   04:04   1.8   16:54  14.3   0.0   2.0  11.1  40.0   00:23    NW
26   4.0   5.0   15:24   2.6   04:44  14.3   0.0   2.3  15.7  34.2   18:07   ESE
27   4.8   7.5   23:43   2.6   10:10  13.5   0.0   6.3  11.0  31.1   21:47   SSE
28   9.3  10.0   13:18   7.5   00:00   9.0   0.0   0.0  31.8  52.8   17:39     S
29   9.1   9.8   08:04   7.9   09:45   9.2   0.0   1.0  26.3  59.5   22:08     S
30   9.0  11.1   12:37   5.1   23:48   9.3   0.0   8.6  26.5  54.4   01:52   SSW
31   5.3   6.8   13:54   3.3   04:44  13.0   0.0   1.0  11.4  34.4   21:08   WSW
----------------------------------------------------------------------------------
     6.8  11.8    17     0.5    12   357.9   0.0 128.1  17.6  59.5    29      SW

Max >=  27.0:  0
Max <=   0.0:  0
Min <=   0.0:  0
Min <= -18.0:  0
Max Rain: 23.1 on day 4
Days of Rain: 23 (>= 0.2 mm)  20 (>= 2.0 mm)  2 (>= 20.0 mm)
Heat Base: 18.3  Cool Base: 18.3  Method: Integration
:Home::now::gauges::today::yesterday::this month::this year::records::monthly records::reports::trends::forum:


Page updated 09/04/2015 12:35:00
powered by Cumulus v1.9.4 (1099)