Holm, Orkney weather

 Latitude N 59° 29' 09"    Longitude E 03° 29' 02"    Elevation 33 ft

NOAA Style Reports for xulih weather

Select a Year or Month report

Report for 2015 Jul
                   Monthly Climatological Summary for Jul 2015

Name:  xulih weather   City:  Holm   State:  Orkney
Elevation: 33 ft  Lat: N 58 53' 54"   Lon: W 002 53' 31"

                  Temperature (C), Rain (mm), Wind Speed (mph)

                                      Heat  Cool        Avg
    Mean                              Deg   Deg         Wind                 Dom
Day Temp  High   Time   Low    Time   Days  Days  Rain  Speed High   Time    Dir
----------------------------------------------------------------------------------
 1  15.1  18.9   13:23  13.1   02:47   3.2   0.0   0.0  13.5  29.5   14:10   SSE
 2  16.0  21.0   11:15  12.6   22:44   2.7   0.4  20.1   6.9  30.0   03:03   SSW
 3  14.1  19.0   11:11  10.7   23:49   4.3   0.0   1.0   8.4  19.5   22:48   SSE
 4  11.4  12.5   15:17  10.6   04:00   6.9   0.0   9.4  14.7  28.4   13:02    SE
 5  13.7  18.1   10:23  11.2   04:09   4.6   0.0   0.0   4.6  13.0   15:21     E
 6  13.7  21.3   16:37  10.5   23:45   4.7   0.1   1.0   7.2  15.4   07:26   NNW
 7  10.9  12.1   09:26   9.2   21:37   7.4   0.0  24.4  14.7  25.7   17:14     E
 8  11.0  14.4   14:47   8.5   21:55   7.3   0.0   0.0  11.5  26.8   11:48   NNE
 9  10.2  13.4   11:54   7.7   01:25   8.1   0.0   0.0   9.2  22.4   09:47   NNW
10  11.0  13.9   15:43   6.0   02:34   7.3   0.0   4.3  11.7  26.4   11:49   SSE
11  15.1  19.3   16:31  12.3   01:12   3.3   0.0   4.3   6.0  17.7   02:40   SSE
12  13.4  15.7   10:19  11.6   22:06   4.9   0.0   1.0  11.3  25.5   16:33   WNW
13  13.4  17.6   11:31  10.9   23:37   4.9   0.0   0.0   6.4  13.0   03:07     W
14  12.8  15.9   16:35   8.1   23:55   5.5   0.0   0.0   7.5  17.0   08:13    NW
15  12.5  18.2   17:03   5.7   03:18   5.8   0.0   0.0   4.9  13.0   11:39   WNW
16  14.0  18.8   13:15   7.6   03:44   4.4   0.0   0.0   9.0  21.9   21:42   SSE
17  12.3  13.0   17:26  11.2   23:55   6.0   0.0   3.3  18.1  32.7   12:34   SSE
18  11.9  14.0   14:39   8.1   04:25   6.4   0.0   4.1  12.1  29.8   16:09   WNW
19  11.8  15.0   19:20   7.2   23:17   6.5   0.0   1.0   4.3  11.0   00:30   NNE
20  11.3  13.6   09:38   6.1   04:18   7.0   0.0   8.4  13.4  28.0   17:09   SSE
21  13.3  16.9   12:06  10.4   23:46   5.0   0.0   3.3   8.8  30.2   15:06   WNW
22  13.2  18.1   13:42   9.8   04:14   5.1   0.0   7.4   7.3  16.6   02:01   WSW
23  12.1  14.5   16:35  10.5   03:50   6.2   0.0   2.0  15.7  33.3   15:32     W
24  12.8  16.5   17:13   9.4   23:53   5.5   0.0   0.0   7.0  14.5   00:30    NW
25  12.1  15.7   13:15   7.8   01:21   6.2   0.0   0.0   3.6  12.3   13:14   NNE
26  12.6  17.7   15:20   8.8   02:24   5.7   0.0   0.0   6.9  15.9   16:35    SE
27  12.2  16.4   14:53   6.8   01:36   6.1   0.0   0.0   6.8  15.4   09:47   ENE
28  12.8  16.3   13:07  10.4   23:14   5.5   0.0   0.0   6.4  15.4   19:13   ENE
29  11.5  14.5   09:57   8.9   23:54   6.8   0.0   0.0   9.6  19.7   14:49     N
30  10.7  13.9   17:42   8.0   21:49   7.6   0.0   0.0   8.2  17.2   05:58   NNW
31  14.1  18.8   15:53  10.3   00:00   4.2   0.0   1.0   7.9  14.8   17:24   SSW
----------------------------------------------------------------------------------
    12.7  21.3     6     5.7    15   175.1   0.5  96.0   9.2  33.3    23       S

Max >=  27.0:  0
Max <=   0.0:  0
Min <=   0.0:  0
Min <= -18.0:  0
Max Rain: 24.4 on day 7
Days of Rain: 16 (>= 0.2 mm)  11 (>= 2.0 mm)  2 (>= 20.0 mm)
Heat Base: 18.3  Cool Base: 18.3  Method: Integration
:Home::now::gauges::today::yesterday::this month::this year::records::monthly records::reports::trends::forum:


Page updated 09/04/2015 12:35:00
powered by Cumulus v1.9.4 (1099)