Holm, Orkney weather

 Latitude N 59° 29' 09"    Longitude E 03° 29' 02"    Elevation 33 ft

NOAA Style Reports for xulih weather

Select a Year or Month report

Report for 2015 Apr
                   Monthly Climatological Summary for Apr 2015

Name:  xulih weather   City:  Holm   State:  Orkney
Elevation: 33 ft  Lat: N 59 29' 09"   Lon: E 003 29' 02"

                  Temperature (C), Rain (mm), Wind Speed (mph)

                                      Heat  Cool        Avg
    Mean                              Deg   Deg         Wind                 Dom
Day Temp  High   Time   Low    Time   Days  Days  Rain  Speed High   Time    Dir
----------------------------------------------------------------------------------
 1   2.9   6.9   12:56   1.1   05:59  15.4   0.0   1.0  14.2  43.6   16:13   NNW
 2   6.0  10.1   14:53   2.4   05:06  12.3   0.0   0.0   7.6  19.5   23:22   ENE
 3   6.5   8.3   11:12   5.6   23:02  11.8   0.0   1.0  12.7  25.9   12:02     S
 4   7.1  10.2   14:10   4.8   03:28  11.2   0.0   1.0   7.9  23.3   15:01    NW
 5   7.7  10.7   15:57   5.1   23:46  10.1   0.0   0.0  13.5  28.4   11:06    NW
 6   8.9  12.7   14:07   5.5   00:00   9.4   0.0   0.0   8.8  23.3   18:31   WNW
 7   8.3   9.0   13:40   6.9   23:55  10.0   0.0   4.3  12.7  25.7   10:22   WNW
 8   9.2  15.1   17:24   5.8   04:47   9.1   0.0   0.0   6.4  19.9   11:32     S
 9   9.7  16.0   15:38   5.4   04:08   8.6   0.0   0.0   4.3  15.2   09:49   WNW
10  10.4  15.7   15:58   6.0   04:44   7.9   0.0   0.0   9.2  21.5   19:30   SSW
11   7.2  10.1   00:00   4.1   07:02  11.1   0.0   2.0  19.0  34.7   16:36     W
12   5.2   8.3   12:01   2.5   23:14  13.7   0.0   2.3  20.7  38.7   14:33   WNW
13   7.3  11.3   14:12   2.3   01:01  11.0   0.0   3.0  13.4  28.0   18:45    SW
14   9.0  11.1   11:10   6.7   23:53   9.3   0.0   1.0  17.0  32.4   11:38   WNW
15   7.5   9.9   15:26   4.3   06:03  10.8   0.0   1.0  14.6  33.1   14:23    NW
16   8.4  11.1   13:14   6.0   23:58   9.9   0.0   0.0  10.9  20.4   04:06    NW
17   9.6  16.6   16:58   4.2   23:39   8.7   0.0   0.0   1.9   8.1   08:37    SW
18   8.5  15.4   16:34   2.4   05:09   9.8   0.0   0.0   1.8   7.6   11:33   SSE
19   7.9  10.4   13:24   5.7   02:55  10.4   0.0   0.0   6.6  14.3   14:01     E
20   9.5  14.7   17:31   4.7   23:38   8.8   0.0   0.0   5.3  14.5   15:38     S
21   9.5  13.0   14:18   4.4   00:12   8.8   0.0   0.0  12.5  27.5   12:08    NW
22   9.3  12.3   15:24   7.0   04:59   9.0   0.0   0.0  12.1  25.9   18:49    NW
23   9.1  11.4   14:14   7.8   03:36   9.2   0.0   0.0  13.4  23.5   09:59    NW
24   6.5   8.6   13:17   3.1   23:58  11.8   0.0   2.3   7.0  17.2   03:40   WNW
25   4.8   8.6   13:26   1.9   05:07  13.5   0.0   2.0  14.9  36.9   16:26   NNW
26   4.3   7.9   14:39   0.6   18:34  14.0   0.0   2.0  11.9  26.2   23:32   NNW
27   5.1  10.2   16:18   0.7   07:34  13.2   0.0   2.0  12.9  27.1   07:06     W
28   6.0  12.6   14:22   1.7   05:33  12.3   0.0   2.3   8.0  19.7   15:25   WSW
29   6.5   8.9   10:48   2.3   00:50  11.8   0.0   3.0  16.5  30.4   10:18   ESE
30   5.8   9.2   11:01   2.9   23:48  12.5   0.0   4.3  11.3  23.9   14:41   NNE
----------------------------------------------------------------------------------
     7.5  16.6    17     0.6    26   325.4   0.0  34.5  11.0  43.6     1     WNW

Max >=  27.0:  0
Max <=   0.0:  0
Min <=   0.0:  0
Min <= -18.0:  0
Max Rain: 4.3 on day 7
Days of Rain: 16 (>= 0.2 mm)  11 (>= 2.0 mm)  0 (>= 20.0 mm)
Heat Base: 18.3  Cool Base: 18.3  Method: Integration
:Home::now::gauges::today::yesterday::this month::this year::records::monthly records::reports::trends::forum:


Page updated 09/04/2015 12:35:00
powered by Cumulus v1.9.4 (1099)