Holm, Orkney weather

 Latitude N 59° 29' 09"    Longitude E 03° 29' 02"    Elevation 33 ft

NOAA Style Reports for xulih weather

Select a Year or Month report

Report for 2015 Jan
                   Monthly Climatological Summary for Jan 2015

Name:     City:     State:  
Elevation: 33 ft  Lat: N 59 29' 09"   Lon: E 003 29' 02"

                  Temperature (C), Rain (mm), Wind Speed (mph)

                                      Heat  Cool        Avg
    Mean                              Deg   Deg         Wind                 Dom
Day Temp  High   Time   Low    Time   Days  Days  Rain  Speed High   Time    Dir
----------------------------------------------------------------------------------
12   2.6   4.5   18:28   1.8   21:18   3.8   0.0   1.0  23.6  53.7   18:30     W
13   2.2   3.1   00:30   1.4   04:23  16.1   0.0   1.0  24.6  46.5   06:01   WSW
14   3.4   5.4   23:48   2.0   01:46  14.9   0.0   2.3  25.0  54.4   23:11   WSW
15   5.2   6.2   02:06   4.1   17:34  13.1   0.0   2.0  20.7  51.0   09:07    SW
16   2.7   5.2   00:03   0.6   11:38  15.6   0.0   1.0  27.3  46.3   05:33    NW
17   3.4   4.8   14:03   2.0   02:13  14.9   0.0  19.3  16.2  35.6   00:20   WNW
18   2.9   4.3   12:14   1.0   22:58  15.4   0.0   4.1  11.6  39.4   00:13   NNE
19   1.8   4.5   12:03  -0.2   03:45  16.5   0.0   0.0   8.5  17.9   22:05   WNW
20   4.0   5.4   12:27   2.5   01:50  14.3   0.0   0.0  18.4  34.0   23:28   SSW
21   4.6   6.3   13:54   3.8   00:00  13.7   0.0   0.0  17.1  29.5   05:22     S
22   4.1   5.3   11:56   3.0   18:51  14.2   0.0   0.0  13.0  25.7   10:48    SW
23   5.2   7.3   13:38   3.1   20:34  13.1   0.0   5.3  19.5  37.6   17:33   WSW
24   3.5   5.7   20:42   1.5   07:27  14.8   0.0   7.4  17.4  45.2   05:40    NW
25   6.8   9.3   15:10   5.0   00:00  11.5   0.0   2.3  15.0  33.3   21:15   WSW
26   4.4   6.3   23:33   1.9   13:13  13.9   0.0   6.1  16.4  45.0   13:10    NW
27   7.2   8.0   12:34   5.6   00:00  11.1   0.0   2.3  16.1  35.6   13:22   WNW
28   4.1   7.1   02:56   1.3   17:08  14.2   0.0   6.1  19.7  39.4   16:31   WNW
29   2.5   4.5   23:31   1.0   01:39  15.8   0.0   3.3   9.9  29.3   20:19    NW
30   3.6   4.8   00:14   2.1   08:20  14.7   0.0   6.3  13.6  28.0   02:17     N
31   3.4   4.3   18:16   1.7   06:29  14.9   0.0   4.1  21.0  42.1   11:22   NNE
----------------------------------------------------------------------------------
     3.9   9.3    25    -0.2    19   276.5   0.0  73.9  17.5  54.4    14       W

Max >=  27.0:  0
Max <=   0.0:  0
Min <=   0.0:  1
Min <= -18.0:  0
Max Rain: 19.3 on day 17
Days of Rain: 16 (>= 0.2 mm)  13 (>= 2.0 mm)  0 (>= 20.0 mm)
Heat Base: 18.3  Cool Base: 18.3  Method: Integration
:Home::now::gauges::today::yesterday::this month::this year::records::monthly records::reports::trends::forum:


Page updated 09/04/2015 12:35:00
powered by Cumulus v1.9.4 (1099)