Holm, Orkney weather

 Latitude N 59° 29' 09"    Longitude E 03° 29' 02"    Elevation 33 ft

NOAA Style Reports for xulih weather

Select a Year or Month report

Report for 2018 Nov
                   Monthly Climatological Summary for Nov 2018

Name: xulih weather   City: Holm   State: Orkney
Elevation: 33 ft  Lat: N 58 53' 54"   Lon: W 002 53' 31"

                  Temperature (C), Rain (mm), Wind Speed (mph)

                                      Heat  Cool        Avg
    Mean                              Deg   Deg         Wind                 Dom
Day Temp  High   Time   Low    Time   Days  Days  Rain  Speed High   Time    Dir
----------------------------------------------------------------------------------
 1   6.8   9.4   12:55   5.3   22:49  11.5   0.0   0.0   7.1  15.0   21:54     W
 2   6.6   8.7   12:00   3.4   07:22  11.7   0.0   0.0  10.7  35.1   23:43   WSW
 3  10.7  13.5   13:37   7.7   01:37   7.6   0.0  10.4  21.8  43.4   03:58     S
 4  10.5  12.3   12:35   9.2   23:56   7.8   0.0   0.0  19.2  34.4   11:03   SSW
 5   9.7  10.6   22:49   8.7   13:04   8.6   0.0   3.0  10.5  24.8   23:13     S
 6  10.8  11.3   22:58  10.5   02:54   7.5   0.0   0.0  25.4  37.6   22:56   SSE
 7  11.2  11.7   11:08  10.0   23:30   7.1   0.0   2.0  25.7  42.1   18:36    SE
 8   9.2  10.6   12:35   7.0   08:03   9.1   0.0   1.0  14.2  37.1   22:01     S
 9  10.4  11.2   13:03   9.9   06:27   7.9   0.0   0.0  35.1  53.7   19:53   SSE
10  10.2  11.8   12:37   8.2   18:33   8.1   0.0   2.0  20.6  56.1   02:09   SSE
11   9.4  10.9   13:34   8.0   01:21   8.9   0.0  10.4  10.2  25.1   02:04     S
12   9.5  11.6   13:01   7.3   02:20   8.8   0.0   1.0  12.9  23.3   15:15     S
----------------------------------------------------------------------------------
     9.6  13.5     3     3.4     2   104.6   0.0  29.8  17.8  56.1    10       S

Max >=  27.0:  0
Max <=   0.0:  0
Min <=   0.0:  0
Min <= -18.0:  0
Max Rain: 10.4 on day 3
Days of Rain: 7 (>= 0.2 mm)  5 (>= 2.0 mm)  0 (>= 20.0 mm)
Heat Base: 18.3  Cool Base: 18.3  Method: Integration
:Home::now::gauges::today::yesterday::this month::this year::records::monthly records::reports::trends::forum:


Page updated 09/04/2015 12:35:00
powered by Cumulus v1.9.4 (1099)