Holm, Orkney weather

 Latitude N 59° 29' 09"    Longitude E 03° 29' 02"    Elevation 33 ft

NOAA Style Reports for xulih weather

Select a Year or Month report

Report for 2019 Jun
                   Monthly Climatological Summary for Jun 2019

Name: xulih weather   City: Holm   State: Orkney
Elevation: 33 ft  Lat: N 58 53' 54"   Lon: W 002 53' 31"

                  Temperature (C), Rain (mm), Wind Speed (mph)

                                      Heat  Cool        Avg
    Mean                              Deg   Deg         Wind                 Dom
Day Temp  High   Time   Low    Time   Days  Days  Rain  Speed High   Time    Dir
----------------------------------------------------------------------------------
 1  12.7  17.9   14:04  10.3   00:29   5.6   0.0   1.0   9.0  25.3   06:58     W
 2  12.1  16.8   18:27   9.9   02:23   6.2   0.0   4.1  10.8  22.6   10:32    SE
 3  12.1  15.8   16:40   9.7   04:04   6.2   0.0   3.0  16.1  34.0   20:55     W
 4  11.3  16.0   18:58   8.6   23:40   7.0   0.0   2.0  10.7  22.6   00:18   WNW
 5  10.9  15.4   19:16   7.9   23:27   7.4   0.0   1.0   8.4  18.1   07:37    NE
 6  10.2  11.8   15:01   8.6   00:00   8.1   0.0  12.7   7.7  19.2   11:08   ENE
 7  13.7  18.4   17:58   9.4   04:01   4.6   0.0   0.0   9.3  19.2   13:40   SSE
 8  16.5  16.5   00:00  16.5   00:00   1.8   0.0   0.0   9.2   9.2   00:00   ESE
 9  16.5  16.5   00:00  16.5   00:00   1.8   0.0   0.0   9.2   9.2   00:00   ESE
10  16.5  16.5   00:00  16.5   00:00   1.8   0.0   0.0   9.2   9.2   00:00   ESE
11  13.3  16.5   00:00   9.2   07:42   5.0   0.0   0.0  12.5  26.4   22:32    NE
12   9.6  11.3   15:13   8.3   23:55   8.7   0.0   0.0  17.8  32.9   12:14    NE
13   9.0  10.2   21:50   7.8   04:16   9.3   0.0   5.1  10.9  22.6   01:18   NNE
14  12.1  16.6   19:42   9.3   03:26   6.2   0.0   0.0  19.0  28.4   10:11    SE
15  11.6  15.9   16:37   9.6   03:12   6.7   0.0   0.0  14.7  21.7   01:31   ESE
16  12.9  17.6   13:17   9.9   02:24   5.4   0.0   3.0   8.9  23.3   13:58    SE
17  12.2  14.9   14:06  10.5   23:39   6.1   0.0   9.4   7.2  19.7   11:34     S
18  12.9  16.5   16:23  10.0   01:08   5.4   0.0   0.8  11.0  22.1   09:08    SW
19  14.5  20.2   19:41  11.5   23:47   3.9   0.1   0.0   7.5  19.2   11:12     S
20  12.3  17.0   12:26  10.3   23:55   6.0   0.0   2.3   9.3  25.9   19:35     W
21  11.8  14.1   14:08   9.8   04:25   6.5   0.0   0.0  17.9  28.6   13:50     W
22  14.1  21.0   16:38   9.8   03:02   4.5   0.2   0.0   7.7  15.7   13:56     W
23  13.5  17.4   13:54  10.6   03:22   4.8   0.0   0.0   8.6  21.0   15:49     E
24  12.3  14.1   14:48  11.0   23:55   6.0   0.0   0.8  13.0  21.5   21:36   ENE
----------------------------------------------------------------------------------
    12.7  21.0    22     7.8    13   135.0   0.3  45.2  11.1  34.0     3     ESE

Max >=  27.0:  0
Max <=   0.0:  0
Min <=   0.0:  0
Min <= -18.0:  0
Max Rain: 12.7 on day 6
Days of Rain: 12 (>= 0.2 mm)  8 (>= 2.0 mm)  0 (>= 20.0 mm)
Heat Base: 18.3  Cool Base: 18.3  Method: Integration
:Home::now::gauges::today::yesterday::this month::this year::records::monthly records::reports::trends::forum:


Page updated 09/04/2015 12:35:00
powered by Cumulus v1.9.4 (1099)