Holm, Orkney weather

 Latitude N 59° 29' 09"    Longitude W 02° 53' 30"    Elevation 33 ft

NOAA Style Reports for xulih weather

Select a Year or Month report

Report for 2022 Jun
                   Monthly Climatological Summary for Jun 2022

Name: xulih weather   City: Holm   State: Orkney
Elevation: 33 ft  Lat: N 58 53 53   Lon: W 002 53 30

                  Temperature (�C), Rain (mm), Wind Speed (mph)

                                      Heat  Cool        Avg
    Mean                              Deg   Deg         Wind                 Dom
Day Temp  High   Time   Low    Time   Days  Days  Rain  Speed High   Time    Dir
----------------------------------------------------------------------------------
11   7.1   7.3   00:57   7.0   00:27   0.6   0.0   0.0  ----  10.5   00:49   NNW
12  12.6  14.6   12:29   0.0   10:53   3.1   0.0  10.4  20.8  32.0   12:28   WNW
13  11.9  14.1   16:03  10.4   00:00   6.4   0.0   0.0  14.7  28.6   06:52   WNW
14  13.9  18.7   16:33  11.1   00:08   4.4   0.0   2.0   7.2  15.4   15:02   SSW
15  14.4  16.7   16:50  11.6   04:33   3.9   0.0   3.3   5.2  13.6   10:08     S
16  16.4  20.6   17:50  12.9   03:32   2.2   0.3   1.0   4.2  13.4   16:41   SSE
17  14.9  18.9   12:33  12.0   23:54   3.4   0.0   8.4  19.1  42.5   15:53   WSW
18  12.4  15.3   13:39  10.6   23:59   5.9   0.0   0.0  25.9  39.6   13:49     W
19  11.4  13.2   15:58  10.1   00:04   6.9   0.0   0.0  18.8  34.0   11:17   NNW
20  12.6  16.1   13:10   8.6   02:25   5.7   0.0   0.0  10.3  26.2   17:10     W
21  13.7  16.5   12:01  12.3   05:16   4.6   0.0   0.0   7.5  17.2   02:41   WNW
22  15.4  23.2   16:28  12.2   01:15   3.2   0.2   0.0  11.2  29.1   08:40     W
23  17.1  23.7   18:53  11.7   04:24   2.3   1.1   0.0   5.6  13.2   15:00   SSE
24  14.5  17.9   15:07  12.7   23:13   3.8   0.0   0.0   8.0  17.7   12:17   ESE
25  16.4  21.1   19:51  12.3   04:14   2.5   0.6   0.0  16.1  26.8   14:58   SSE
26  15.9  18.8   16:30  13.3   04:15   2.4   0.0   0.0  19.8  36.7   17:56    SE
27  16.3  23.0   18:43  12.9   23:16   2.5   0.5   0.0  12.4  30.2   01:19   SSE
28  14.9  18.7   13:38  10.6   01:18   3.4   0.0   0.0  17.4  29.8   21:00   SSE
29  15.2  19.2   15:11  13.3   03:34   3.1   0.0   0.0  17.8  29.5   03:15   SSE
30  15.1  18.6   16:09  11.2   23:57   3.2   0.0   0.0   8.2  16.3   00:08   SSE
----------------------------------------------------------------------------------
    14.1  23.7    23     0.0    12    73.5   2.7  25.1  13.0  42.5    17      SW

Max >=  27.0  0
Max <=   0.0  0
Min <=   0.0  1
Min <= -18.0  0
Max Rain: 10.4 on day 12
Days of Rain: 5 (>= 0.2 mm)  4 (>= 2.0 mm)  0 (>= 20.0 mm)
Heat Base: 18.3  Cool Base: 18.3  Method: Integration
:Home::now::gauges::today: :yesterday::this month::this year::records::monthly records::reports::trends::forum:


Page updated 09/04/2015 12:35:00
powered by Cumulus v1.9.4 (1099)