Select a Year or Month report
Report for 2021 Aug
Monthly Climatological Summary for Aug 2021
Name: xulih weather City: Holm State: Orkney
Elevation: 33 ft Lat: N 58 53 53 Lon: W 002 53 30
Temperature (°C), Rain (mm), Wind Speed (mph)
Heat Cool Avg
Mean Deg Deg Wind Dom
Day Temp High Time Low Time Days Days Rain Speed High Time Dir
----------------------------------------------------------------------------------
01 11.7 14.8 14:32 9.6 03:20 6.6 0.0 0.0 8.0 17.4 10:19 NNW
02 10.6 12.8 12:29 9.8 04:18 4.1 0.0 0.0 4.5 17.7 11:55 NNW
03 15.3 19.7 16:11 0.0 14:42 1.2 0.1 0.0 4.1 13.4 14:45 SSE
04 14.6 19.8 15:35 9.4 02:02 3.8 0.0 2.0 3.8 12.8 22:34 SE
05 15.7 20.3 15:19 13.1 03:27 2.9 0.2 0.0 10.1 25.5 16:35 SE
06 15.9 19.1 15:13 13.9 04:44 2.5 0.0 0.0 18.8 32.4 15:21 ESE
07 16.1 19.0 17:30 14.1 23:17 2.2 0.1 0.0 15.9 26.2 00:06 ESE
08 16.2 20.4 14:40 13.1 02:34 2.3 0.3 0.0 9.9 19.7 09:01 E
09 15.5 19.2 13:59 13.4 23:36 2.9 0.0 0.0 4.5 11.0 20:18 N
10 13.9 15.7 15:55 12.2 23:35 4.4 0.0 0.0 5.7 12.8 17:56 NW
11 13.1 16.9 13:05 6.4 04:43 5.2 0.0 9.7 9.3 22.8 13:04 SSE
12 14.6 18.2 18:25 10.7 05:41 3.7 0.0 0.0 10.1 25.1 18:35 S
13 14.8 20.0 13:36 12.2 04:06 3.5 0.1 6.1 8.6 18.8 13:20 SSW
14 13.9 17.0 11:58 12.1 03:51 4.4 0.0 2.3 9.5 18.1 12:00 WNW
15 12.6 16.1 14:38 9.2 21:42 5.7 0.0 2.0 10.1 19.9 14:32 WNW
16 12.4 16.0 14:39 8.5 01:13 5.9 0.0 1.0 7.9 17.4 04:17 NW
17 13.5 15.8 14:05 12.1 22:46 4.8 0.0 2.0 11.3 24.4 17:26 WNW
18 12.8 14.5 14:23 11.6 22:53 5.2 0.0 0.0 14.1 30.9 04:41 NW
19 13.1 15.6 14:34 11.4 23:36 4.1 0.0 0.0 3.5 9.8 09:24 NNE
20 13.5 17.8 16:23 10.5 04:57 4.8 0.0 0.0 8.5 21.5 23:56 ESE
21 14.2 16.3 16:23 13.3 00:00 4.1 0.0 0.0 14.2 25.3 05:49 SE
22 15.8 21.4 16:05 12.8 05:41 2.8 0.3 0.0 4.8 11.4 00:00 SE
23 15.9 20.7 16:28 11.8 23:40 2.6 0.3 0.0 4.6 13.0 10:24 W
24 14.5 18.9 15:47 9.4 04:13 3.9 0.0 0.0 7.5 19.2 13:47 WNW
25 14.0 16.8 13:18 11.8 23:39 4.3 0.0 0.0 9.5 19.0 07:18 NNW
26 12.9 16.5 14:43 11.2 03:57 5.4 0.0 0.0 5.1 13.2 16:27 NNE
27 13.9 18.9 15:23 9.2 23:59 4.4 0.0 0.0 4.1 12.5 15:33 ESE
28 13.0 17.2 12:24 7.5 06:20 5.3 0.0 0.0 5.2 14.5 19:41 WNW
29 13.3 16.3 17:31 10.4 21:12 5.0 0.0 0.0 4.3 12.3 13:45 N
30 13.3 15.5 15:52 11.5 21:09 5.0 0.0 0.0 4.1 12.1 15:39 NNW
31 14.3 17.6 13:15 11.1 23:51 4.0 0.0 0.0 7.2 15.4 15:17 NNW
----------------------------------------------------------------------------------
14.0 21.4 22 0.0 3 127.0 1.4 25.1 8.2 32.4 6 NNE
Max >= 27.0 0
Max <= 0.0 0
Min <= 0.0 1
Min <= -18.0 0
Max Rain: 9.7 on day 11
Days of Rain: 7 (>= 0.2 mm) 6 (>= 2.0 mm) 0 (>= 20.0 mm)
Heat Base: 18.3 Cool Base: 18.3 Method: Integration