Select a Year or Month report
Report for 2019 Mar
Monthly Climatological Summary for Mar 2019
Name: xulih weather City: Holm State: Orkney
Elevation: 33 ft Lat: N 58° 53' 54" Lon: W 002° 53' 31"
Temperature (°C), Rain (mm), Wind Speed (mph)
Heat Cool Avg
Mean Deg Deg Wind Dom
Day Temp High Time Low Time Days Days Rain Speed High Time Dir
----------------------------------------------------------------------------------
1 6.4 8.0 12:07 3.7 02:19 11.9 0.0 0.0 10.9 22.1 17:53 SSE
2 7.4 10.4 12:03 6.0 22:26 10.9 0.0 3.0 12.6 35.3 17:57 S
3 7.4 9.9 12:17 5.9 03:29 10.8 0.0 3.0 18.9 36.2 02:08 SW
4 6.5 7.7 11:41 5.1 05:16 11.8 0.0 1.8 13.5 31.1 10:30 W
5 5.9 9.6 14:33 3.7 07:33 12.4 0.0 0.0 7.0 17.2 00:49 NE
6 5.2 6.8 12:38 3.7 05:25 13.1 0.0 1.0 16.2 28.0 16:09 ENE
7 5.3 7.2 12:57 2.3 23:26 13.0 0.0 1.0 16.9 35.3 07:38 NNE
8 4.2 6.6 11:45 0.2 06:15 14.1 0.0 6.4 10.7 37.8 23:42 SW
9 5.1 7.0 13:04 2.8 08:08 13.2 0.0 4.1 29.6 51.9 05:58 WNW
10 4.2 6.5 12:10 1.6 23:46 14.1 0.0 2.0 9.4 25.1 00:19 WSW
11 5.2 8.4 12:32 1.6 00:00 13.1 0.0 5.1 18.4 50.3 23:28 WSW
12 6.1 8.7 13:08 3.8 23:58 12.2 0.0 1.0 21.8 59.7 00:17 SSW
13 6.1 9.4 13:12 3.5 00:10 12.2 0.0 4.1 15.7 30.6 07:57 NW
14 6.6 8.9 14:44 4.6 00:00 11.7 0.0 6.1 16.2 31.1 03:23 WNW
15 5.0 6.4 11:13 3.5 12:52 13.3 0.0 9.1 21.6 44.5 16:15 W
16 4.5 7.0 12:25 1.5 19:27 13.8 0.0 3.0 10.5 32.0 01:15 W
17 4.8 7.9 15:16 2.3 00:32 13.5 0.0 2.0 14.1 36.0 13:39 NNW
18 5.8 10.4 15:51 0.2 05:47 12.5 0.0 0.0 8.1 20.1 21:15 S
19 8.0 10.9 15:05 5.7 01:46 10.3 0.0 1.0 14.2 30.6 17:33 WSW
20 9.3 12.1 13:56 7.2 03:40 9.0 0.0 1.0 15.7 32.4 19:23 SW
21 8.9 12.1 13:47 6.7 06:39 9.4 0.0 5.3 12.0 34.0 22:00 SSW
22 8.4 11.5 11:13 3.5 23:34 9.9 0.0 3.0 23.9 54.4 20:59 SW
23 5.9 8.4 13:42 3.3 01:20 12.4 0.0 2.0 26.1 56.6 01:45 W
24 5.1 7.2 15:10 3.0 15:33 13.2 0.0 6.1 24.7 55.3 13:56 W
25 7.1 9.3 14:03 4.4 06:26 11.2 0.0 0.0 14.8 28.4 13:44 WNW
26 8.5 10.1 14:01 6.9 00:01 9.8 0.0 0.0 22.3 39.8 15:45 W
27 9.4 10.4 15:23 8.8 00:51 8.9 0.0 0.0 17.5 29.5 15:19 W
28 9.9 11.9 11:56 8.6 22:47 8.4 0.0 0.0 13.0 25.5 09:45 SW
29 8.4 12.2 10:10 5.9 21:56 9.9 0.0 0.0 15.1 33.1 04:45 W
30 5.1 7.8 10:18 1.9 20:16 13.2 0.0 1.8 15.6 42.5 10:20 WNW
31 5.2 12.3 16:14 -0.2 02:57 12.5 0.0 0.0 6.9 18.3 17:41 SSW
----------------------------------------------------------------------------------
6.5 12.3 31 -0.2 31 365.7 0.0 72.9 16.0 59.7 12 W
Max >= 27.0: 0
Max <= 0.0: 0
Min <= 0.0: 1
Min <= -18.0: 0
Max Rain: 9.1 on day 15
Days of Rain: 22 (>= 0.2 mm) 15 (>= 2.0 mm) 0 (>= 20.0 mm)
Heat Base: 18.3 Cool Base: 18.3 Method: Integration