Select a Year or Month report
Report for 2015 Nov
Monthly Climatological Summary for Nov 2015
Name: xulih weather City: Holm State: Orkney
Elevation: 33 ft Lat: N 58° 53' 54" Lon: W 002° 53' 31"
Temperature (°C), Rain (mm), Wind Speed (mph)
Heat Cool Avg
Mean Deg Deg Wind Dom
Day Temp High Time Low Time Days Days Rain Speed High Time Dir
----------------------------------------------------------------------------------
1 11.2 14.3 14:09 9.3 02:09 7.1 0.0 0.0 11.6 19.5 09:59 SW
2 10.3 14.7 13:20 6.5 22:24 8.0 0.0 0.0 3.7 18.1 02:09 SSW
3 10.6 14.2 11:55 6.7 00:06 7.7 0.0 0.0 2.2 10.5 10:18 W
4 10.7 11.7 22:56 9.4 00:00 7.6 0.0 0.0 9.3 17.7 15:48 SE
5 11.6 12.1 10:31 11.3 07:19 6.7 0.0 0.0 11.4 22.6 16:22 S
6 11.3 12.5 12:17 9.3 23:53 7.0 0.0 0.0 12.9 33.1 20:27 SW
7 9.9 11.2 13:16 8.5 23:56 8.4 0.0 0.0 11.1 19.9 18:36 WSW
8 9.6 11.3 17:20 7.8 19:57 8.7 0.0 0.0 24.1 51.4 15:55 WSW
9 9.7 11.6 11:23 7.9 02:37 8.6 0.0 3.3 25.2 55.7 08:55 W
10 10.4 11.7 04:21 9.3 20:20 7.9 0.0 5.3 14.4 35.3 04:00 WNW
11 9.6 11.9 14:09 7.9 23:22 8.7 0.0 4.3 12.5 27.5 19:59 WSW
12 9.4 11.0 17:48 7.7 23:48 8.9 0.0 2.0 25.4 51.7 23:32 SW
13 6.6 7.7 00:00 4.9 17:41 11.7 0.0 7.4 29.1 54.1 01:25 W
14 7.4 9.0 11:27 4.0 23:49 10.9 0.0 0.0 22.5 50.3 02:14 NW
15 6.9 10.8 22:08 1.7 07:07 11.4 0.0 8.4 13.7 40.0 19:18 S
16 8.1 11.8 03:29 5.1 10:26 10.2 0.0 2.0 27.4 48.5 06:15 WSW
17 8.1 9.2 09:09 6.9 00:20 10.2 0.0 11.7 20.9 54.4 01:41 WNW
18 7.5 8.4 14:25 5.8 21:29 10.8 0.0 9.4 7.4 19.9 04:33 WSW
19 6.7 9.2 12:08 3.1 23:59 11.6 0.0 2.3 3.8 10.7 06:47 N
20 3.5 5.7 12:58 2.0 03:38 14.8 0.0 20.1 11.0 46.8 18:07 NE
21 2.1 3.3 22:32 -0.2 06:27 16.2 0.0 5.1 8.7 29.5 05:23 NNE
22 3.0 6.6 23:52 0.4 06:55 15.3 0.0 1.3 5.1 17.7 23:29 NNW
23 7.5 9.0 16:00 6.6 00:00 10.8 0.0 6.3 16.6 27.5 19:34 W
24 6.3 7.8 01:06 5.1 22:07 9.4 0.0 12.7 15.8 30.0 03:12 WNW
25 5.2 6.7 12:21 3.3 05:52 13.1 0.0 0.0 7.7 21.9 07:01 NNW
26 10.1 11.7 13:52 6.0 00:00 8.2 0.0 0.0 13.5 32.4 09:03 WNW
27 7.4 11.5 04:43 2.5 21:18 10.9 0.0 17.0 20.1 37.8 21:56 WNW
28 4.3 5.9 17:53 1.6 01:23 14.0 0.0 10.7 21.9 44.5 01:07 W
29 4.1 5.7 20:08 2.0 15:36 14.2 0.0 6.1 31.1 58.6 16:30 WNW
30 4.0 5.6 11:05 1.7 05:54 14.3 0.0 4.3 21.3 45.4 00:55 NW
----------------------------------------------------------------------------------
7.8 14.7 2 -0.2 21 313.3 0.0 139.7 15.4 58.6 29 W
Max >= 27.0: 0
Max <= 0.0: 0
Min <= 0.0: 1
Min <= -18.0: 0
Max Rain: 20.1 on day 20
Days of Rain: 19 (>= 0.2 mm) 18 (>= 2.0 mm) 1 (>= 20.0 mm)
Heat Base: 18.3 Cool Base: 18.3 Method: Integration